{"id":1455,"date":"2023-01-27T14:17:16","date_gmt":"2023-01-27T14:17:16","guid":{"rendered":"http:\/\/new.podzemljepece.com\/?page_id=1455"},"modified":"2025-06-24T11:53:21","modified_gmt":"2025-06-24T11:53:21","slug":"ogled-rudnika-z-s-kolesom","status":"publish","type":"page","link":"https:\/\/www.podzemljepece.com\/?page_id=1455","title":{"rendered":"UNDERGROUND BIKING"},"content":{"rendered":"<p>[vc_row][vc_column][vc_raw_html]JTNDaGVhZCUzRSUwQSUzQ2xpbmslMjBocmVmJTNEJTIyaHR0cHMlM0ElMkYlMkZmb250cy5nb29nbGVhcGlzLmNvbSUyRmNzczIlM0ZmYW1pbHklM0RNb250c2VycmF0JTNBd2dodCU0MDUwMCUyNmRpc3BsYXklM0Rzd2FwJTIyJTIwcmVsJTNEJTIyc3R5bGVzaGVldCUyMiUzRSUwQSUzQyUyRmhlYWQlM0UlMEElM0NzdHlsZSUzRSUwQS5ib29raW5nJTIwJTdCJTBBYmFja2dyb3VuZC1jb2xvciUzQSUyM0ZGQ0I0NiUzQiUwQXBhZGRpbmclM0ElMjAxMHB4JTIwMjBweCUzQiUwQWJvcmRlci1yYWRpdXMlM0ElMjA4cHglM0IlMEFib3JkZXItd2lkdGglM0ElMjAwcHglM0IlMEFmb250LWZhbWlseSUzQSUyMFBvcHBpbnMlM0IlMEFmb250LXNpemUlM0ElMjAxNnB4JTNCJTBBJTdEJTBBJTBBLmJvb2tpbmclM0Fob3ZlciUyMCU3QiUwQWJhY2tncm91bmQtY29sb3IlM0ElMjAlMjNGRkI3NEIlM0IlMEElN0QlMEElM0MlMkZzdHlsZSUzRSUwQSUwQSUzQ2J1dHRvbiUyMGNsYXNzJTNEJTIyYm9va2luZyUyMiUyMG9uY2xpY2slM0QlMjJ3aW5kb3cubG9jYXRpb24uaHJlZiUzRCUyN2h0dHBzJTNBJTJGJTJGd3d3LnBvZHplbWxqZXBlY2UuY29tJTJGJTNGcGFnZV9pZCUzRDI2NDIlMjclMjIlM0UlMEFCb29rJTIwTm93JTNDJTJGYnV0dG9uJTNF[\/vc_raw_html][\/vc_column][\/vc_row][vc_row][vc_column][vc_column_text]We usually enjoy riding mountain bikes in the mountains, but you can also ride through the mountain, as we have found a passage through abandoned and mysterious mining tunnels. With a guide, helmet and flash light, you can safely cycle over five kilometres of a unique underground path from one valley to another and experience an unforgettable adventure. The path goes through safe tunnels and rises only 15 m, but the depressions and humps of the former railway sleepers do not allow easy cycling.<\/p>\r\n\r\n<p>The cycling adventure begins at the Karavanke UNESCO Global Geopark information centre, where an experienced guide will welcome you and take you to the entrance to the mine in \u010crna na Koro\u0161kem. The underground cycle path ends above Me\u017eica, and you will descend to the starting point on a paved road (approx. 1.5 km).<\/p>\r\n\r\n<p>The temperature in the mine is 10 \u00b0C, it is completely dark and special equipment is required due to underground safety regulations. A helmet and headlamp are mandatory and included in the entrance fee. We recommend warm sports clothes and cycling gloves. The entire journey takes 2.5 hours. The age limit is 10 years or a valid cycling licence.<\/p>\r\n\r\n<p><strong>Visiting the mine is only possible with a mountain bike, which you will get here. Advance booking is required. E-bikes are not allowed in the mine. <\/strong><\/p>\r\n\r\n\r\n<div class=\"wp-block-group uag-hide-mob is-layout-flow wp-block-group-is-layout-flow\"><div class=\"wp-block-group__inner-container\"><!-- Carousel Style & Script for  gallery-69e7af5067c3b -->\r\n\r\n<script type=\"text\/javascript\">\r\n\/\/ <![CDATA[\r\n\/* START --- Image Carousel --- *\/\r\n\r\njQuery(document).ready(function($) {\r\n\r\n    \r\n    $('.ghozylab-gallery img').each(function(i) {\r\n\r\n        $alt = $(this).attr('alt');\r\n\r\n        \/\/ Replace default title to more fancy :)\r\n        $(this).attr('alt', $alt.replace(\/-|_\/g, ' '));\r\n\r\n        $altnew = $(this).attr('alt').toLowerCase().replace(\/\\b[a-z]\/g, function(letter) {\r\n\r\n            return letter.toUpperCase();\r\n\r\n        });\r\n\r\n        $(this).attr('alt', $altnew);\r\n        \/\/ Compatibility with Zoom Lite Theme Image LazyLoad\r\n        $(this).removeAttr('data-lazy-src');\r\n\r\n    });\r\n\r\n    \r\n    $('#icppreloader-gallery-69e7af5067c3b').fadeOut(300, function() {\r\n        $('#gallery-69e7af5067c3b').fadeIn(300);\r\n        var slider69e7af5067c3b = $('#gallery-69e7af5067c3b').bxSlider({\r\n            auto: true,\r\n            pause: 9000,\r\n            autoHover: true,\r\n            moveSlides: 3,\r\n            minSlides: 3,\r\n            maxSlides: 3,\r\n            slideWidth: 500,\r\n            slideMargin: 10,\r\n            startSlide: 0,\r\n            infiniteLoop: true,\r\n            captions: true,\r\n            captionsMode: 'alt',\r\n            adaptiveHeight: true,\r\n            useCSS: false,\r\n            pager: true,\r\n            easing: 'easeOutSine',\r\n            speed: 2500,\r\n            preloadImages: 'all',\r\n            onSlideBefore: function() {\r\n                                $('#gallery-69e7af5067c3b .bx-caption').slideUp();\r\n                            },\r\n            onSlideAfter: function($slideElement, oldIndex, newIndex) {\r\n                                slider69e7af5067c3b.stopAuto();\r\n                slider69e7af5067c3b.startAuto();\r\n                                $('#gallery-69e7af5067c3b .bx-caption').slideDown();\r\n                            }\r\n        });\r\n\r\n    });\r\n});\r\n\r\n\/* END --- Image Carousel --- *\/\r\n\r\n\/\/ ]]>\r\n<\/script>\r\n\r\n<style type=\"text\/css\">\r\n.markup-gallery-69e7af5067c3b .carousel-item img {width: 100%;margin: 0 auto;border:none !important;border-radius: 0px !important;box-shadow:none !important;}.markup-gallery-69e7af5067c3b .bx-controls-direction a {display: none;}.markup-gallery-69e7af5067c3b .bx-wrapper:hover .bx-controls-direction a {display: block;}.markup-gallery-69e7af5067c3b .bx-controls-direction a { display: block !important;}1<\/style>\r\n\r\n\n\t\t<div id='icppreloader-gallery-69e7af5067c3b' class='icpsliderpreloader'><\/div><div class='markup-gallery-69e7af5067c3b'><div style='display:none;' id='gallery-69e7af5067c3b' class='ghozylab-gallery galleryid-1455 gallery-size-full'><div class='carousel-item'><a   href='https:\/\/www.podzemljepece.com\/wp-content\/uploads\/2023\/02\/Podzemlje-Pece-kolesarjenje-februar-2017-108-min-1024x682.jpg'><img width=\"2560\" height=\"1704\" src=\"https:\/\/www.podzemljepece.com\/wp-content\/uploads\/2023\/02\/Podzemlje-Pece-kolesarjenje-februar-2017-108-min-scaled.jpg\" class=\"attachment-full size-full\" alt=\"Foto: Tomo Jeseni\u010dnik\" decoding=\"async\" loading=\"lazy\" srcset=\"https:\/\/www.podzemljepece.com\/wp-content\/uploads\/2023\/02\/Podzemlje-Pece-kolesarjenje-februar-2017-108-min-scaled.jpg 2560w, https:\/\/www.podzemljepece.com\/wp-content\/uploads\/2023\/02\/Podzemlje-Pece-kolesarjenje-februar-2017-108-min-300x200.jpg 300w, https:\/\/www.podzemljepece.com\/wp-content\/uploads\/2023\/02\/Podzemlje-Pece-kolesarjenje-februar-2017-108-min-1024x682.jpg 1024w, https:\/\/www.podzemljepece.com\/wp-content\/uploads\/2023\/02\/Podzemlje-Pece-kolesarjenje-februar-2017-108-min-768x511.jpg 768w, https:\/\/www.podzemljepece.com\/wp-content\/uploads\/2023\/02\/Podzemlje-Pece-kolesarjenje-februar-2017-108-min-1536x1022.jpg 1536w, https:\/\/www.podzemljepece.com\/wp-content\/uploads\/2023\/02\/Podzemlje-Pece-kolesarjenje-februar-2017-108-min-2048x1363.jpg 2048w, https:\/\/www.podzemljepece.com\/wp-content\/uploads\/2023\/02\/Podzemlje-Pece-kolesarjenje-februar-2017-108-min-355x235.jpg 355w\" sizes=\"(max-width: 2560px) 100vw, 2560px\" \/><\/a><\/div><div class='carousel-item'><a   href='https:\/\/www.podzemljepece.com\/wp-content\/uploads\/2023\/02\/Podzemlje-Pece-kolesarjenje-februar-2017-124-min-1024x682.jpg'><img width=\"2560\" height=\"1704\" src=\"https:\/\/www.podzemljepece.com\/wp-content\/uploads\/2023\/02\/Podzemlje-Pece-kolesarjenje-februar-2017-124-min-scaled.jpg\" class=\"attachment-full size-full\" alt=\"Foto: Tomo Jeseni\u010dnik\" decoding=\"async\" loading=\"lazy\" srcset=\"https:\/\/www.podzemljepece.com\/wp-content\/uploads\/2023\/02\/Podzemlje-Pece-kolesarjenje-februar-2017-124-min-scaled.jpg 2560w, https:\/\/www.podzemljepece.com\/wp-content\/uploads\/2023\/02\/Podzemlje-Pece-kolesarjenje-februar-2017-124-min-300x200.jpg 300w, https:\/\/www.podzemljepece.com\/wp-content\/uploads\/2023\/02\/Podzemlje-Pece-kolesarjenje-februar-2017-124-min-1024x682.jpg 1024w, https:\/\/www.podzemljepece.com\/wp-content\/uploads\/2023\/02\/Podzemlje-Pece-kolesarjenje-februar-2017-124-min-768x511.jpg 768w, https:\/\/www.podzemljepece.com\/wp-content\/uploads\/2023\/02\/Podzemlje-Pece-kolesarjenje-februar-2017-124-min-1536x1022.jpg 1536w, https:\/\/www.podzemljepece.com\/wp-content\/uploads\/2023\/02\/Podzemlje-Pece-kolesarjenje-februar-2017-124-min-2048x1363.jpg 2048w, https:\/\/www.podzemljepece.com\/wp-content\/uploads\/2023\/02\/Podzemlje-Pece-kolesarjenje-februar-2017-124-min-355x235.jpg 355w\" sizes=\"(max-width: 2560px) 100vw, 2560px\" \/><\/a><\/div><div class='carousel-item'><a   href='https:\/\/www.podzemljepece.com\/wp-content\/uploads\/2023\/02\/Podzemlje-Pece-kolesarjenje-februar-2017-39-min-1024x682.jpg'><img width=\"2560\" height=\"1704\" src=\"https:\/\/www.podzemljepece.com\/wp-content\/uploads\/2023\/02\/Podzemlje-Pece-kolesarjenje-februar-2017-39-min-scaled.jpg\" class=\"attachment-full size-full\" alt=\"Foto: Tomo Jeseni\u010dnik\" decoding=\"async\" loading=\"lazy\" srcset=\"https:\/\/www.podzemljepece.com\/wp-content\/uploads\/2023\/02\/Podzemlje-Pece-kolesarjenje-februar-2017-39-min-scaled.jpg 2560w, https:\/\/www.podzemljepece.com\/wp-content\/uploads\/2023\/02\/Podzemlje-Pece-kolesarjenje-februar-2017-39-min-300x200.jpg 300w, https:\/\/www.podzemljepece.com\/wp-content\/uploads\/2023\/02\/Podzemlje-Pece-kolesarjenje-februar-2017-39-min-1024x682.jpg 1024w, https:\/\/www.podzemljepece.com\/wp-content\/uploads\/2023\/02\/Podzemlje-Pece-kolesarjenje-februar-2017-39-min-768x511.jpg 768w, https:\/\/www.podzemljepece.com\/wp-content\/uploads\/2023\/02\/Podzemlje-Pece-kolesarjenje-februar-2017-39-min-1536x1022.jpg 1536w, https:\/\/www.podzemljepece.com\/wp-content\/uploads\/2023\/02\/Podzemlje-Pece-kolesarjenje-februar-2017-39-min-2048x1363.jpg 2048w, https:\/\/www.podzemljepece.com\/wp-content\/uploads\/2023\/02\/Podzemlje-Pece-kolesarjenje-februar-2017-39-min-355x235.jpg 355w\" sizes=\"(max-width: 2560px) 100vw, 2560px\" \/><\/a><\/div><div class='carousel-item'><a   href='https:\/\/www.podzemljepece.com\/wp-content\/uploads\/2023\/02\/Podzemlje-Pece-kolesarjenje-februar-2017-190-min-682x1024.jpg'><img width=\"1704\" height=\"2560\" src=\"https:\/\/www.podzemljepece.com\/wp-content\/uploads\/2023\/02\/Podzemlje-Pece-kolesarjenje-februar-2017-190-min-scaled.jpg\" class=\"attachment-full size-full\" alt=\"Foto: Tomo Jeseni\u010dnik\" decoding=\"async\" loading=\"lazy\" srcset=\"https:\/\/www.podzemljepece.com\/wp-content\/uploads\/2023\/02\/Podzemlje-Pece-kolesarjenje-februar-2017-190-min-scaled.jpg 1704w, https:\/\/www.podzemljepece.com\/wp-content\/uploads\/2023\/02\/Podzemlje-Pece-kolesarjenje-februar-2017-190-min-200x300.jpg 200w, https:\/\/www.podzemljepece.com\/wp-content\/uploads\/2023\/02\/Podzemlje-Pece-kolesarjenje-februar-2017-190-min-682x1024.jpg 682w, https:\/\/www.podzemljepece.com\/wp-content\/uploads\/2023\/02\/Podzemlje-Pece-kolesarjenje-februar-2017-190-min-768x1154.jpg 768w, https:\/\/www.podzemljepece.com\/wp-content\/uploads\/2023\/02\/Podzemlje-Pece-kolesarjenje-februar-2017-190-min-1022x1536.jpg 1022w, https:\/\/www.podzemljepece.com\/wp-content\/uploads\/2023\/02\/Podzemlje-Pece-kolesarjenje-februar-2017-190-min-1363x2048.jpg 1363w\" sizes=\"(max-width: 1704px) 100vw, 1704px\" \/><\/a><\/div><div class='carousel-item'><a   href='https:\/\/www.podzemljepece.com\/wp-content\/uploads\/2023\/02\/Podzemlje-Pece-kolesarjenje-februar-2017-106-min-1024x682.jpg'><img width=\"2560\" height=\"1704\" src=\"https:\/\/www.podzemljepece.com\/wp-content\/uploads\/2023\/02\/Podzemlje-Pece-kolesarjenje-februar-2017-106-min-scaled.jpg\" class=\"attachment-full size-full\" alt=\"\" decoding=\"async\" loading=\"lazy\" srcset=\"https:\/\/www.podzemljepece.com\/wp-content\/uploads\/2023\/02\/Podzemlje-Pece-kolesarjenje-februar-2017-106-min-scaled.jpg 2560w, https:\/\/www.podzemljepece.com\/wp-content\/uploads\/2023\/02\/Podzemlje-Pece-kolesarjenje-februar-2017-106-min-300x200.jpg 300w, https:\/\/www.podzemljepece.com\/wp-content\/uploads\/2023\/02\/Podzemlje-Pece-kolesarjenje-februar-2017-106-min-1024x682.jpg 1024w, https:\/\/www.podzemljepece.com\/wp-content\/uploads\/2023\/02\/Podzemlje-Pece-kolesarjenje-februar-2017-106-min-768x511.jpg 768w, https:\/\/www.podzemljepece.com\/wp-content\/uploads\/2023\/02\/Podzemlje-Pece-kolesarjenje-februar-2017-106-min-1536x1022.jpg 1536w, https:\/\/www.podzemljepece.com\/wp-content\/uploads\/2023\/02\/Podzemlje-Pece-kolesarjenje-februar-2017-106-min-2048x1363.jpg 2048w, https:\/\/www.podzemljepece.com\/wp-content\/uploads\/2023\/02\/Podzemlje-Pece-kolesarjenje-februar-2017-106-min-355x235.jpg 355w\" sizes=\"(max-width: 2560px) 100vw, 2560px\" \/><\/a><\/div>\r\n\t\t<\/div><\/div>\n<\/div><\/div>\r\n\r\n\r\n<div class=\"wp-block-group uag-hide-desktop uag-hide-tab is-layout-flow wp-block-group-is-layout-flow\"><div class=\"wp-block-group__inner-container\"><!-- Carousel Style & Script for  gallery-69e7af506a077 -->\r\n\r\n<script type=\"text\/javascript\">\r\n\/\/ <![CDATA[\r\n\/* START --- Image Carousel --- *\/\r\n\r\njQuery(document).ready(function($) {\r\n\r\n    \r\n    $('.ghozylab-gallery img').each(function(i) {\r\n\r\n        $alt = $(this).attr('alt');\r\n\r\n        \/\/ Replace default title to more fancy :)\r\n        $(this).attr('alt', $alt.replace(\/-|_\/g, ' '));\r\n\r\n        $altnew = $(this).attr('alt').toLowerCase().replace(\/\\b[a-z]\/g, function(letter) {\r\n\r\n            return letter.toUpperCase();\r\n\r\n        });\r\n\r\n        $(this).attr('alt', $altnew);\r\n        \/\/ Compatibility with Zoom Lite Theme Image LazyLoad\r\n        $(this).removeAttr('data-lazy-src');\r\n\r\n    });\r\n\r\n    \r\n    $('#icppreloader-gallery-69e7af506a077').fadeOut(300, function() {\r\n        $('#gallery-69e7af506a077').fadeIn(300);\r\n        var slider69e7af506a077 = $('#gallery-69e7af506a077').bxSlider({\r\n            auto: true,\r\n            pause: 9000,\r\n            autoHover: true,\r\n            moveSlides: 1,\r\n            minSlides: 1,\r\n            maxSlides: 1,\r\n            slideWidth: 500,\r\n            slideMargin: 10,\r\n            startSlide: 0,\r\n            infiniteLoop: true,\r\n            captions: true,\r\n            captionsMode: 'alt',\r\n            adaptiveHeight: true,\r\n            useCSS: false,\r\n            pager: true,\r\n            easing: 'easeOutSine',\r\n            speed: 2500,\r\n            preloadImages: 'all',\r\n            onSlideBefore: function() {\r\n                                $('#gallery-69e7af506a077 .bx-caption').slideUp();\r\n                            },\r\n            onSlideAfter: function($slideElement, oldIndex, newIndex) {\r\n                                slider69e7af506a077.stopAuto();\r\n                slider69e7af506a077.startAuto();\r\n                                $('#gallery-69e7af506a077 .bx-caption').slideDown();\r\n                            }\r\n        });\r\n\r\n    });\r\n});\r\n\r\n\/* END --- Image Carousel --- *\/\r\n\r\n\/\/ ]]>\r\n<\/script>\r\n\r\n<style type=\"text\/css\">\r\n.markup-gallery-69e7af506a077 .carousel-item img {width: 100%;margin: 0 auto;border:none !important;border-radius: 0px !important;box-shadow:none !important;}.markup-gallery-69e7af506a077 .bx-controls-direction a {display: none;}.markup-gallery-69e7af506a077 .bx-wrapper:hover .bx-controls-direction a {display: block;}.markup-gallery-69e7af506a077 .bx-controls-direction a { display: block !important;}1<\/style>\r\n\r\n\n\t\t<div id='icppreloader-gallery-69e7af506a077' class='icpsliderpreloader'><\/div><div class='markup-gallery-69e7af506a077'><div style='display:none;' id='gallery-69e7af506a077' class='ghozylab-gallery galleryid-1455 gallery-size-full'><div class='carousel-item'><a   href='https:\/\/www.podzemljepece.com\/wp-content\/uploads\/2023\/02\/Podzemlje-Pece-kolesarjenje-februar-2017-108-min-1024x682.jpg'><img width=\"2560\" height=\"1704\" src=\"https:\/\/www.podzemljepece.com\/wp-content\/uploads\/2023\/02\/Podzemlje-Pece-kolesarjenje-februar-2017-108-min-scaled.jpg\" class=\"attachment-full size-full\" alt=\"Foto: Tomo Jeseni\u010dnik\" decoding=\"async\" loading=\"lazy\" srcset=\"https:\/\/www.podzemljepece.com\/wp-content\/uploads\/2023\/02\/Podzemlje-Pece-kolesarjenje-februar-2017-108-min-scaled.jpg 2560w, https:\/\/www.podzemljepece.com\/wp-content\/uploads\/2023\/02\/Podzemlje-Pece-kolesarjenje-februar-2017-108-min-300x200.jpg 300w, https:\/\/www.podzemljepece.com\/wp-content\/uploads\/2023\/02\/Podzemlje-Pece-kolesarjenje-februar-2017-108-min-1024x682.jpg 1024w, https:\/\/www.podzemljepece.com\/wp-content\/uploads\/2023\/02\/Podzemlje-Pece-kolesarjenje-februar-2017-108-min-768x511.jpg 768w, https:\/\/www.podzemljepece.com\/wp-content\/uploads\/2023\/02\/Podzemlje-Pece-kolesarjenje-februar-2017-108-min-1536x1022.jpg 1536w, https:\/\/www.podzemljepece.com\/wp-content\/uploads\/2023\/02\/Podzemlje-Pece-kolesarjenje-februar-2017-108-min-2048x1363.jpg 2048w, https:\/\/www.podzemljepece.com\/wp-content\/uploads\/2023\/02\/Podzemlje-Pece-kolesarjenje-februar-2017-108-min-355x235.jpg 355w\" sizes=\"(max-width: 2560px) 100vw, 2560px\" \/><\/a><\/div><div class='carousel-item'><a   href='https:\/\/www.podzemljepece.com\/wp-content\/uploads\/2023\/02\/Podzemlje-Pece-kolesarjenje-februar-2017-124-min-1024x682.jpg'><img width=\"2560\" height=\"1704\" src=\"https:\/\/www.podzemljepece.com\/wp-content\/uploads\/2023\/02\/Podzemlje-Pece-kolesarjenje-februar-2017-124-min-scaled.jpg\" class=\"attachment-full size-full\" alt=\"Foto: Tomo Jeseni\u010dnik\" decoding=\"async\" loading=\"lazy\" srcset=\"https:\/\/www.podzemljepece.com\/wp-content\/uploads\/2023\/02\/Podzemlje-Pece-kolesarjenje-februar-2017-124-min-scaled.jpg 2560w, https:\/\/www.podzemljepece.com\/wp-content\/uploads\/2023\/02\/Podzemlje-Pece-kolesarjenje-februar-2017-124-min-300x200.jpg 300w, https:\/\/www.podzemljepece.com\/wp-content\/uploads\/2023\/02\/Podzemlje-Pece-kolesarjenje-februar-2017-124-min-1024x682.jpg 1024w, https:\/\/www.podzemljepece.com\/wp-content\/uploads\/2023\/02\/Podzemlje-Pece-kolesarjenje-februar-2017-124-min-768x511.jpg 768w, https:\/\/www.podzemljepece.com\/wp-content\/uploads\/2023\/02\/Podzemlje-Pece-kolesarjenje-februar-2017-124-min-1536x1022.jpg 1536w, https:\/\/www.podzemljepece.com\/wp-content\/uploads\/2023\/02\/Podzemlje-Pece-kolesarjenje-februar-2017-124-min-2048x1363.jpg 2048w, https:\/\/www.podzemljepece.com\/wp-content\/uploads\/2023\/02\/Podzemlje-Pece-kolesarjenje-februar-2017-124-min-355x235.jpg 355w\" sizes=\"(max-width: 2560px) 100vw, 2560px\" \/><\/a><\/div><div class='carousel-item'><a   href='https:\/\/www.podzemljepece.com\/wp-content\/uploads\/2023\/02\/Podzemlje-Pece-kolesarjenje-februar-2017-39-min-1024x682.jpg'><img width=\"2560\" height=\"1704\" src=\"https:\/\/www.podzemljepece.com\/wp-content\/uploads\/2023\/02\/Podzemlje-Pece-kolesarjenje-februar-2017-39-min-scaled.jpg\" class=\"attachment-full size-full\" alt=\"Foto: Tomo Jeseni\u010dnik\" decoding=\"async\" loading=\"lazy\" srcset=\"https:\/\/www.podzemljepece.com\/wp-content\/uploads\/2023\/02\/Podzemlje-Pece-kolesarjenje-februar-2017-39-min-scaled.jpg 2560w, https:\/\/www.podzemljepece.com\/wp-content\/uploads\/2023\/02\/Podzemlje-Pece-kolesarjenje-februar-2017-39-min-300x200.jpg 300w, https:\/\/www.podzemljepece.com\/wp-content\/uploads\/2023\/02\/Podzemlje-Pece-kolesarjenje-februar-2017-39-min-1024x682.jpg 1024w, https:\/\/www.podzemljepece.com\/wp-content\/uploads\/2023\/02\/Podzemlje-Pece-kolesarjenje-februar-2017-39-min-768x511.jpg 768w, https:\/\/www.podzemljepece.com\/wp-content\/uploads\/2023\/02\/Podzemlje-Pece-kolesarjenje-februar-2017-39-min-1536x1022.jpg 1536w, https:\/\/www.podzemljepece.com\/wp-content\/uploads\/2023\/02\/Podzemlje-Pece-kolesarjenje-februar-2017-39-min-2048x1363.jpg 2048w, https:\/\/www.podzemljepece.com\/wp-content\/uploads\/2023\/02\/Podzemlje-Pece-kolesarjenje-februar-2017-39-min-355x235.jpg 355w\" sizes=\"(max-width: 2560px) 100vw, 2560px\" \/><\/a><\/div><div class='carousel-item'><a   href='https:\/\/www.podzemljepece.com\/wp-content\/uploads\/2023\/02\/Podzemlje-Pece-kolesarjenje-februar-2017-190-min-682x1024.jpg'><img width=\"1704\" height=\"2560\" src=\"https:\/\/www.podzemljepece.com\/wp-content\/uploads\/2023\/02\/Podzemlje-Pece-kolesarjenje-februar-2017-190-min-scaled.jpg\" class=\"attachment-full size-full\" alt=\"Foto: Tomo Jeseni\u010dnik\" decoding=\"async\" loading=\"lazy\" srcset=\"https:\/\/www.podzemljepece.com\/wp-content\/uploads\/2023\/02\/Podzemlje-Pece-kolesarjenje-februar-2017-190-min-scaled.jpg 1704w, https:\/\/www.podzemljepece.com\/wp-content\/uploads\/2023\/02\/Podzemlje-Pece-kolesarjenje-februar-2017-190-min-200x300.jpg 200w, https:\/\/www.podzemljepece.com\/wp-content\/uploads\/2023\/02\/Podzemlje-Pece-kolesarjenje-februar-2017-190-min-682x1024.jpg 682w, https:\/\/www.podzemljepece.com\/wp-content\/uploads\/2023\/02\/Podzemlje-Pece-kolesarjenje-februar-2017-190-min-768x1154.jpg 768w, https:\/\/www.podzemljepece.com\/wp-content\/uploads\/2023\/02\/Podzemlje-Pece-kolesarjenje-februar-2017-190-min-1022x1536.jpg 1022w, https:\/\/www.podzemljepece.com\/wp-content\/uploads\/2023\/02\/Podzemlje-Pece-kolesarjenje-februar-2017-190-min-1363x2048.jpg 1363w\" sizes=\"(max-width: 1704px) 100vw, 1704px\" \/><\/a><\/div><div class='carousel-item'><a   href='https:\/\/www.podzemljepece.com\/wp-content\/uploads\/2023\/02\/Podzemlje-Pece-kolesarjenje-februar-2017-106-min-1024x682.jpg'><img width=\"2560\" height=\"1704\" src=\"https:\/\/www.podzemljepece.com\/wp-content\/uploads\/2023\/02\/Podzemlje-Pece-kolesarjenje-februar-2017-106-min-scaled.jpg\" class=\"attachment-full size-full\" alt=\"\" decoding=\"async\" loading=\"lazy\" srcset=\"https:\/\/www.podzemljepece.com\/wp-content\/uploads\/2023\/02\/Podzemlje-Pece-kolesarjenje-februar-2017-106-min-scaled.jpg 2560w, https:\/\/www.podzemljepece.com\/wp-content\/uploads\/2023\/02\/Podzemlje-Pece-kolesarjenje-februar-2017-106-min-300x200.jpg 300w, https:\/\/www.podzemljepece.com\/wp-content\/uploads\/2023\/02\/Podzemlje-Pece-kolesarjenje-februar-2017-106-min-1024x682.jpg 1024w, https:\/\/www.podzemljepece.com\/wp-content\/uploads\/2023\/02\/Podzemlje-Pece-kolesarjenje-februar-2017-106-min-768x511.jpg 768w, https:\/\/www.podzemljepece.com\/wp-content\/uploads\/2023\/02\/Podzemlje-Pece-kolesarjenje-februar-2017-106-min-1536x1022.jpg 1536w, https:\/\/www.podzemljepece.com\/wp-content\/uploads\/2023\/02\/Podzemlje-Pece-kolesarjenje-februar-2017-106-min-2048x1363.jpg 2048w, https:\/\/www.podzemljepece.com\/wp-content\/uploads\/2023\/02\/Podzemlje-Pece-kolesarjenje-februar-2017-106-min-355x235.jpg 355w\" sizes=\"(max-width: 2560px) 100vw, 2560px\" \/><\/a><\/div>\r\n\t\t<\/div><\/div>\n<\/div><\/div>\r\n<p>[\/vc_column_text][\/vc_column][\/vc_row]<\/p>\r\n","protected":false},"excerpt":{"rendered":"<p>[vc_row][vc_column][vc_raw_html]JTNDaGVhZCUzRSUwQSUzQ2xpbmslMjBocmVmJTNEJTIyaHR0cHMlM0ElMkYlMkZmb250cy5nb29nbGVhcGlzLmNvbSUyRmNzczIlM0ZmYW1pbHklM0RNb250c2VycmF0JTNBd2dodCU0MDUwMCUyNmRpc3BsYXklM0Rzd2FwJTIyJTIwcmVsJTNEJTIyc3R5bGVzaGVldCUyMiUzRSUwQSUzQyUyRmhlYWQlM0UlMEElM0NzdHlsZSUzRSUwQS5ib29raW5nJTIwJTdCJTBBYmFja2dyb3VuZC1jb2xvciUzQSUyM0ZGQ0I0NiUzQiUwQXBhZGRpbmclM0ElMjAxMHB4JTIwMjBweCUzQiUwQWJvcmRlci1yYWRpdXMlM0ElMjA4cHglM0IlMEFib3JkZXItd2lkdGglM0ElMjAwcHglM0IlMEFmb250LWZhbWlseSUzQSUyMFBvcHBpbnMlM0IlMEFmb250LXNpemUlM0ElMjAxNnB4JTNCJTBBJTdEJTBBJTBBLmJvb2tpbmclM0Fob3ZlciUyMCU3QiUwQWJhY2tncm91bmQtY29sb3IlM0ElMjAlMjNGRkI3NEIlM0IlMEElN0QlMEElM0MlMkZzdHlsZSUzRSUwQSUwQSUzQ2J1dHRvbiUyMGNsYXNzJTNEJTIyYm9va2luZyUyMiUyMG9uY2xpY2slM0QlMjJ3aW5kb3cubG9jYXRpb24uaHJlZiUzRCUyN2h0dHBzJTNBJTJGJTJGd3d3LnBvZHplbWxqZXBlY2UuY29tJTJGJTNGcGFnZV9pZCUzRDI2NDIlMjclMjIlM0UlMEFCb29rJTIwTm93JTNDJTJGYnV0dG9uJTNF[\/vc_raw_html][\/vc_column][\/vc_row][vc_row][vc_column][vc_column_text]We usually enjoy riding mountain bikes in the mountains, but you can also ride through the mountain, as we have found a passage through abandoned and mysterious mining tunnels. With a guide, helmet and flash light, you can safely cycle over five kilometres of a unique underground path from one valley to another and experience [&hellip;]<\/p>\n","protected":false},"author":1,"featured_media":0,"parent":0,"menu_order":0,"comment_status":"closed","ping_status":"closed","template":"","meta":{"_uag_custom_page_level_css":"","footnotes":""},"categories":[],"tags":[],"uagb_featured_image_src":{"full":false,"thumbnail":false,"medium":false,"medium_large":false,"large":false,"1536x1536":false,"2048x2048":false,"port3":false,"port3_grayscale":false,"port2":false,"port2_grayscale":false,"port4":false,"blog":false,"alternate_blog":false,"alternate_blog_side":false,"blog_grid":false,"staff":false,"staff_full":false},"uagb_author_info":{"display_name":"admn","author_link":"https:\/\/www.podzemljepece.com\/?author=1"},"uagb_comment_info":0,"uagb_excerpt":"[vc_row][vc_column][vc_raw_html]JTNDaGVhZCUzRSUwQSUzQ2xpbmslMjBocmVmJTNEJTIyaHR0cHMlM0ElMkYlMkZmb250cy5nb29nbGVhcGlzLmNvbSUyRmNzczIlM0ZmYW1pbHklM0RNb250c2VycmF0JTNBd2dodCU0MDUwMCUyNmRpc3BsYXklM0Rzd2FwJTIyJTIwcmVsJTNEJTIyc3R5bGVzaGVldCUyMiUzRSUwQSUzQyUyRmhlYWQlM0UlMEElM0NzdHlsZSUzRSUwQS5ib29raW5nJTIwJTdCJTBBYmFja2dyb3VuZC1jb2xvciUzQSUyM0ZGQ0I0NiUzQiUwQXBhZGRpbmclM0ElMjAxMHB4JTIwMjBweCUzQiUwQWJvcmRlci1yYWRpdXMlM0ElMjA4cHglM0IlMEFib3JkZXItd2lkdGglM0ElMjAwcHglM0IlMEFmb250LWZhbWlseSUzQSUyMFBvcHBpbnMlM0IlMEFmb250LXNpemUlM0ElMjAxNnB4JTNCJTBBJTdEJTBBJTBBLmJvb2tpbmclM0Fob3ZlciUyMCU3QiUwQWJhY2tncm91bmQtY29sb3IlM0ElMjAlMjNGRkI3NEIlM0IlMEElN0QlMEElM0MlMkZzdHlsZSUzRSUwQSUwQSUzQ2J1dHRvbiUyMGNsYXNzJTNEJTIyYm9va2luZyUyMiUyMG9uY2xpY2slM0QlMjJ3aW5kb3cubG9jYXRpb24uaHJlZiUzRCUyN2h0dHBzJTNBJTJGJTJGd3d3LnBvZHplbWxqZXBlY2UuY29tJTJGJTNGcGFnZV9pZCUzRDI2NDIlMjclMjIlM0UlMEFCb29rJTIwTm93JTNDJTJGYnV0dG9uJTNF[\/vc_raw_html][\/vc_column][\/vc_row][vc_row][vc_column][vc_column_text]We usually enjoy riding mountain bikes in the mountains, but you can also ride through the mountain, as we have found a passage through abandoned and mysterious mining tunnels. With a guide, helmet and flash light, you can safely cycle over five kilometres of a unique underground path from one valley to another and experience&hellip;","_links":{"self":[{"href":"https:\/\/www.podzemljepece.com\/index.php?rest_route=\/wp\/v2\/pages\/1455"}],"collection":[{"href":"https:\/\/www.podzemljepece.com\/index.php?rest_route=\/wp\/v2\/pages"}],"about":[{"href":"https:\/\/www.podzemljepece.com\/index.php?rest_route=\/wp\/v2\/types\/page"}],"author":[{"embeddable":true,"href":"https:\/\/www.podzemljepece.com\/index.php?rest_route=\/wp\/v2\/users\/1"}],"replies":[{"embeddable":true,"href":"https:\/\/www.podzemljepece.com\/index.php?rest_route=%2Fwp%2Fv2%2Fcomments&post=1455"}],"version-history":[{"count":8,"href":"https:\/\/www.podzemljepece.com\/index.php?rest_route=\/wp\/v2\/pages\/1455\/revisions"}],"predecessor-version":[{"id":3044,"href":"https:\/\/www.podzemljepece.com\/index.php?rest_route=\/wp\/v2\/pages\/1455\/revisions\/3044"}],"wp:attachment":[{"href":"https:\/\/www.podzemljepece.com\/index.php?rest_route=%2Fwp%2Fv2%2Fmedia&parent=1455"}],"wp:term":[{"taxonomy":"category","embeddable":true,"href":"https:\/\/www.podzemljepece.com\/index.php?rest_route=%2Fwp%2Fv2%2Fcategories&post=1455"},{"taxonomy":"post_tag","embeddable":true,"href":"https:\/\/www.podzemljepece.com\/index.php?rest_route=%2Fwp%2Fv2%2Ftags&post=1455"}],"curies":[{"name":"wp","href":"https:\/\/api.w.org\/{rel}","templated":true}]}}