{"id":1575,"date":"2023-03-03T11:27:26","date_gmt":"2023-03-03T11:27:26","guid":{"rendered":"http:\/\/new.podzemljepece.com\/?page_id=1575"},"modified":"2025-03-25T10:48:14","modified_gmt":"2025-03-25T10:48:14","slug":"geopark","status":"publish","type":"page","link":"https:\/\/www.podzemljepece.com\/?page_id=1575&lang=de","title":{"rendered":"GEOPARK KARAWANKEN"},"content":{"rendered":"\n<p>Ziel des Projekts war es, einen grenz\u00fcberschreitenden Geopark einzurichten, die nachhaltige Nutzung der geologischen Naturressourcen zu f\u00f6rdern und durch grenz\u00fcberschreitende Koordinierung und Bewirtschaftung zu ihrer Erhaltung beizutragen, die grenz\u00fcberschreitende Zusammenarbeit zu intensivieren, die Erkennbarkeit zu verbessern und die nachhaltige Entwicklung in dem Gebiet zu f\u00f6rdern, insbesondere durch &#8220;Geotourismus&#8221; und &#8220;Geobildung&#8221;. Die im Rahmen des Projekts durchgef\u00fchrten Aktivit\u00e4ten wurden in Arbeitspakete unterteilt. Das Arbeitspaket &#8220;Forschung und Entwicklung&#8221; umfasste die Erarbeitung einer naturschutzfachlichen Grundlage und eines Managementplans f\u00fcr den Geopark, ein APP-Entwicklung f\u00fcr die Integration in das UNESCO-Geopark-Netzwerk, einen Plan f\u00fcr die Animations- und Markierungsinfrastruktur sowie eine Studienreise durch das Gebiet des bestehenden Geoparks. Das Arbeitspaket &#8220;Bau grundlegender unterst\u00fctzender Infrastruktur&#8221; umfasste die Einrichtung von zwei Geopark-Informationszentren (Podzemlje Pece und Obir-Tropfsteinh\u00f6hlen) und die Ausstattung von mindestens acht Interpretationspunkten sowie den Bau von vier Etappen des geologischen Wanderwegs. Das Paket &#8220;Kommunikation&#8221; umfasste die Entwicklung eines Kommunikationsplans und einer einheitlichen grafischen Gestalt, die Erstellung einer gemeinsamen Internetseite in vier Sprachen, die Produktion eines Pr\u00e4sentationsfilms \u00fcber den Geopark, Ver\u00f6ffentlichungen (ein geologisches Buch f\u00fcr Kinder), eine Werbebrosch\u00fcre \u00fcber den Geopark und eine fachlich-informative Brosch\u00fcre \u00fcber den Geopark. Ein Lehrmittel f\u00fcr Schulkinder wurde erstellt und eine Reihe von Veranstaltungen f\u00fcr verschiedene Zielgruppen organisiert. Im letzten Aktionsbereich &#8220;Projektmanagement&#8221; wurde zus\u00e4tzlich zu den finanziellen und inhaltlichen Berichten ein Projektrat und ein operativer Rat des Geoparks eingerichtet.<\/p>\n\n\n\n<p><strong>Projektpartner<\/strong>:<\/p>\n\n\n\n<ul>\n<li>Podzemlje Pece, d.o.o. (F\u00fchrender Partner)<\/li>\n\n\n\n<li>Obirske jame<\/li>\n\n\n\n<li>Zavod Republike Slovenije za varstvo narave, OE Maribor<\/li>\n\n\n\n<li>Gemeinde \u010crna na Koro\u0161kem<\/li>\n\n\n\n<li>Gemeinde Me\u017eica<\/li>\n\n\n\n<li>Gemeinde Prevalje<\/li>\n\n\n\n<li>Gemeinde Globasnitz<\/li>\n\n\n\n<li>Gemeinde Zell<\/li>\n\n\n\n<li>Marktgemeinde Feistritz ob Bleiburg<\/li>\n\n\n\n<li>Koro\u0161ki pokrajinski muzej, Enota Ravne na Koro\u0161kem<\/li>\n\n\n\n<li>RRA Koro\u0161ka, regionalna razvojna agencija za Koro\u0161ko<\/li>\n\n\n\n<li>Regionalmanagement K\u00e4rnten Dienstleistungs \u2013 GesmbH<\/li>\n<\/ul>\n\n\n\n<p><strong>Dauer des Projekts:<\/strong> 1. 9. 2010\u201331. 8. 2013<\/p>\n\n\n\n<p><strong>Wert des Projekts:<\/strong> 2.503.424,00 \u20ac, kofinanziert von der EU 2.104.232,82 \u20ac<\/p>\n\n\n\n<p><strong>Programm:<\/strong> OP SI-AT 2007-2013<\/p>\n\n\n\n<figure class=\"wp-block-image size-large\"><img decoding=\"async\" loading=\"lazy\" width=\"1024\" height=\"656\" src=\"http:\/\/new.podzemljepece.com\/wp-content\/uploads\/2023\/03\/zemljevid-slo-geopark-brez-tock-1-1024x656.jpg\" alt=\"\" class=\"wp-image-989\" srcset=\"https:\/\/www.podzemljepece.com\/wp-content\/uploads\/2023\/03\/zemljevid-slo-geopark-brez-tock-1-1024x656.jpg 1024w, https:\/\/www.podzemljepece.com\/wp-content\/uploads\/2023\/03\/zemljevid-slo-geopark-brez-tock-1-300x192.jpg 300w, https:\/\/www.podzemljepece.com\/wp-content\/uploads\/2023\/03\/zemljevid-slo-geopark-brez-tock-1-768x492.jpg 768w, https:\/\/www.podzemljepece.com\/wp-content\/uploads\/2023\/03\/zemljevid-slo-geopark-brez-tock-1-1536x984.jpg 1536w, https:\/\/www.podzemljepece.com\/wp-content\/uploads\/2023\/03\/zemljevid-slo-geopark-brez-tock-1-2048x1312.jpg 2048w\" sizes=\"(max-width: 1024px) 100vw, 1024px\" \/><figcaption class=\"wp-element-caption\">Zemljevid Geoparka Karavanke<\/figcaption><\/figure>\n","protected":false},"excerpt":{"rendered":"<p>Ziel des Projekts war es, einen grenz\u00fcberschreitenden Geopark einzurichten, die nachhaltige Nutzung der geologischen Naturressourcen zu f\u00f6rdern und durch grenz\u00fcberschreitende Koordinierung und Bewirtschaftung zu ihrer Erhaltung beizutragen, die grenz\u00fcberschreitende Zusammenarbeit zu intensivieren, die Erkennbarkeit zu verbessern und die nachhaltige Entwicklung in dem Gebiet zu f\u00f6rdern, insbesondere durch &#8220;Geotourismus&#8221; und &#8220;Geobildung&#8221;. Die im Rahmen des Projekts [&hellip;]<\/p>\n","protected":false},"author":1,"featured_media":1576,"parent":0,"menu_order":25,"comment_status":"closed","ping_status":"closed","template":"","meta":{"_uag_custom_page_level_css":"","footnotes":""},"categories":[26],"tags":[],"uagb_featured_image_src":{"full":["https:\/\/www.podzemljepece.com\/wp-content\/uploads\/2021\/07\/Info-center-Podzemlje-Pece-24--scaled.jpg",2560,1705,false],"thumbnail":["https:\/\/www.podzemljepece.com\/wp-content\/uploads\/2021\/07\/Info-center-Podzemlje-Pece-24--150x150.jpg",150,150,true],"medium":["https:\/\/www.podzemljepece.com\/wp-content\/uploads\/2021\/07\/Info-center-Podzemlje-Pece-24--300x200.jpg",300,200,true],"medium_large":["https:\/\/www.podzemljepece.com\/wp-content\/uploads\/2021\/07\/Info-center-Podzemlje-Pece-24--768x511.jpg",768,511,true],"large":["https:\/\/www.podzemljepece.com\/wp-content\/uploads\/2021\/07\/Info-center-Podzemlje-Pece-24--1024x682.jpg",940,626,true],"1536x1536":["https:\/\/www.podzemljepece.com\/wp-content\/uploads\/2021\/07\/Info-center-Podzemlje-Pece-24--1536x1023.jpg",1536,1023,true],"2048x2048":["https:\/\/www.podzemljepece.com\/wp-content\/uploads\/2021\/07\/Info-center-Podzemlje-Pece-24--2048x1364.jpg",2048,1364,true],"port3":["https:\/\/www.podzemljepece.com\/wp-content\/uploads\/2021\/07\/Info-center-Podzemlje-Pece-24--600x600.jpg",600,600,true],"port3_grayscale":["https:\/\/www.podzemljepece.com\/wp-content\/uploads\/2021\/07\/Info-center-Podzemlje-Pece-24--627x470.jpg",627,470,true],"port2":["https:\/\/www.podzemljepece.com\/wp-content\/uploads\/2021\/07\/Info-center-Podzemlje-Pece-24--460x275.jpg",460,275,true],"port2_grayscale":["https:\/\/www.podzemljepece.com\/wp-content\/uploads\/2021\/07\/Info-center-Podzemlje-Pece-24--940x470.jpg",940,470,true],"port4":["https:\/\/www.podzemljepece.com\/wp-content\/uploads\/2021\/07\/Info-center-Podzemlje-Pece-24--600x600.jpg",600,600,true],"blog":["https:\/\/www.podzemljepece.com\/wp-content\/uploads\/2021\/07\/Info-center-Podzemlje-Pece-24--825x340.jpg",825,340,true],"alternate_blog":["https:\/\/www.podzemljepece.com\/wp-content\/uploads\/2021\/07\/Info-center-Podzemlje-Pece-24--440x195.jpg",440,195,true],"alternate_blog_side":["https:\/\/www.podzemljepece.com\/wp-content\/uploads\/2021\/07\/Info-center-Podzemlje-Pece-24--355x235.jpg",355,235,true],"blog_grid":["https:\/\/www.podzemljepece.com\/wp-content\/uploads\/2021\/07\/Info-center-Podzemlje-Pece-24--350x350.jpg",350,350,true],"staff":["https:\/\/www.podzemljepece.com\/wp-content\/uploads\/2021\/07\/Info-center-Podzemlje-Pece-24--400x270.jpg",400,270,true],"staff_full":["https:\/\/www.podzemljepece.com\/wp-content\/uploads\/2021\/07\/Info-center-Podzemlje-Pece-24--500x340.jpg",500,340,true]},"uagb_author_info":{"display_name":"admn","author_link":"https:\/\/www.podzemljepece.com\/?author=1"},"uagb_comment_info":0,"uagb_excerpt":"Ziel des Projekts war es, einen grenz\u00fcberschreitenden Geopark einzurichten, die nachhaltige Nutzung der geologischen Naturressourcen zu f\u00f6rdern und durch grenz\u00fcberschreitende Koordinierung und Bewirtschaftung zu ihrer Erhaltung beizutragen, die grenz\u00fcberschreitende Zusammenarbeit zu intensivieren, die Erkennbarkeit zu verbessern und die nachhaltige Entwicklung in dem Gebiet zu f\u00f6rdern, insbesondere durch &#8220;Geotourismus&#8221; und &#8220;Geobildung&#8221;. Die im Rahmen des Projekts&hellip;","_links":{"self":[{"href":"https:\/\/www.podzemljepece.com\/index.php?rest_route=\/wp\/v2\/pages\/1575"}],"collection":[{"href":"https:\/\/www.podzemljepece.com\/index.php?rest_route=\/wp\/v2\/pages"}],"about":[{"href":"https:\/\/www.podzemljepece.com\/index.php?rest_route=\/wp\/v2\/types\/page"}],"author":[{"embeddable":true,"href":"https:\/\/www.podzemljepece.com\/index.php?rest_route=\/wp\/v2\/users\/1"}],"replies":[{"embeddable":true,"href":"https:\/\/www.podzemljepece.com\/index.php?rest_route=%2Fwp%2Fv2%2Fcomments&post=1575"}],"version-history":[{"count":3,"href":"https:\/\/www.podzemljepece.com\/index.php?rest_route=\/wp\/v2\/pages\/1575\/revisions"}],"predecessor-version":[{"id":2658,"href":"https:\/\/www.podzemljepece.com\/index.php?rest_route=\/wp\/v2\/pages\/1575\/revisions\/2658"}],"wp:featuredmedia":[{"embeddable":true,"href":"https:\/\/www.podzemljepece.com\/index.php?rest_route=\/wp\/v2\/media\/1576"}],"wp:attachment":[{"href":"https:\/\/www.podzemljepece.com\/index.php?rest_route=%2Fwp%2Fv2%2Fmedia&parent=1575"}],"wp:term":[{"taxonomy":"category","embeddable":true,"href":"https:\/\/www.podzemljepece.com\/index.php?rest_route=%2Fwp%2Fv2%2Fcategories&post=1575"},{"taxonomy":"post_tag","embeddable":true,"href":"https:\/\/www.podzemljepece.com\/index.php?rest_route=%2Fwp%2Fv2%2Ftags&post=1575"}],"curies":[{"name":"wp","href":"https:\/\/api.w.org\/{rel}","templated":true}]}}