{"id":1659,"date":"2023-03-03T11:26:08","date_gmt":"2023-03-03T11:26:08","guid":{"rendered":"http:\/\/new.podzemljepece.com\/?page_id=1659"},"modified":"2023-05-24T16:56:52","modified_gmt":"2023-05-24T16:56:52","slug":"adventure-petzen-peca","status":"publish","type":"page","link":"https:\/\/www.podzemljepece.com\/?page_id=1659&lang=de","title":{"rendered":"ADVENTURE PETZEN\/PECA"},"content":{"rendered":"\n<p>Entwicklung von Petzen als grenz\u00fcberschreitender Erlebnisberg im Sommertourismus<\/p>\n\n\n\n<p>Das Hauptziel des Projekts Adventure Petzen\/Peca war die Entwicklung von Petzen als grenz\u00fcberschreitendes Erlebnisgebiet. Sowohl im \u00f6sterreichischen als auch im slowenischen K\u00e4rnten &#8211; Koro\u0161ka zielte das Projekt darauf ab, das touristische Angebot zu erh\u00f6hen, zu verbessern und zu erweitern, ein gemeinsames Marketingkonzept zu erstellen und die gemeinsame Werbung f\u00fcr das grenz\u00fcberschreitende Gebiet von Petzen als touristische Destination zu verbessern. Das erweiterte touristische Angebot richtet sich in erster Linie an Zielgruppen wie Familien mit Kleinkindern und Kinder im Vorschul- und Grundschulalter, aber auch an alle Touristengruppen und Tagesg\u00e4ste.<\/p>\n\n\n\n<p><strong>Projektni partnerji:<\/strong><\/p>\n\n\n\n<ul><li>Tourismusregion Klopeiner See S\u00fcdk\u00e4rnten GmbH (Vodilni partner)<\/li><li>Podzemlje Pece, d.o.o.<\/li><li>Petzen Bergbahnen GmbH<\/li><\/ul>\n\n\n\n<p><strong>Dauer des Projekts:<\/strong> 1. 7. 2010\u201330. 6. 2013<\/p>\n\n\n\n<p><strong>Wert des Projekts:<\/strong> 1.144.712,00 \u20ac, kofinanziert von der EU 514.484,00 \u20ac<\/p>\n\n\n\n<p><strong>Programm:<\/strong> OP SI-AT 2007-2013<\/p>\n\n\n<!-- Carousel Style & Script for  gallery-69e8218adea6c -->\r\n\r\n<script type=\"text\/javascript\">\r\n\/\/ <![CDATA[\r\n\/* START --- Image Carousel --- *\/\r\n\r\njQuery(document).ready(function($) {\r\n\r\n    \r\n    $('.ghozylab-gallery img').each(function(i) {\r\n\r\n        $alt = $(this).attr('alt');\r\n\r\n        \/\/ Replace default title to more fancy :)\r\n        $(this).attr('alt', $alt.replace(\/-|_\/g, ' '));\r\n\r\n        $altnew = $(this).attr('alt').toLowerCase().replace(\/\\b[a-z]\/g, function(letter) {\r\n\r\n            return letter.toUpperCase();\r\n\r\n        });\r\n\r\n        $(this).attr('alt', $altnew);\r\n        \/\/ Compatibility with Zoom Lite Theme Image LazyLoad\r\n        $(this).removeAttr('data-lazy-src');\r\n\r\n    });\r\n\r\n    \r\n    $('#icppreloader-gallery-69e8218adea6c').fadeOut(300, function() {\r\n        $('#gallery-69e8218adea6c').fadeIn(300);\r\n        var slider69e8218adea6c = $('#gallery-69e8218adea6c').bxSlider({\r\n            auto: true,\r\n            pause: 9000,\r\n            autoHover: true,\r\n            moveSlides: 5,\r\n            minSlides: 5,\r\n            maxSlides: 5,\r\n            slideWidth: 500,\r\n            slideMargin: 10,\r\n            startSlide: 0,\r\n            infiniteLoop: true,\r\n            captions: true,\r\n            captionsMode: 'alt',\r\n            adaptiveHeight: true,\r\n            useCSS: false,\r\n            pager: true,\r\n            easing: 'easeOutSine',\r\n            speed: 2500,\r\n            preloadImages: 'all',\r\n            onSlideBefore: function() {\r\n                                $('#gallery-69e8218adea6c .bx-caption').slideUp();\r\n                            },\r\n            onSlideAfter: function($slideElement, oldIndex, newIndex) {\r\n                                slider69e8218adea6c.stopAuto();\r\n                slider69e8218adea6c.startAuto();\r\n                                $('#gallery-69e8218adea6c .bx-caption').slideDown();\r\n                            }\r\n        });\r\n\r\n    });\r\n});\r\n\r\n\/* END --- Image Carousel --- *\/\r\n\r\n\/\/ ]]>\r\n<\/script>\r\n\r\n<style type=\"text\/css\">\r\n.markup-gallery-69e8218adea6c .carousel-item img {width: 100%;margin: 0 auto;border:none !important;border-radius: 0px !important;box-shadow:none !important;}.markup-gallery-69e8218adea6c .bx-controls-direction a {display: none;}.markup-gallery-69e8218adea6c .bx-wrapper:hover .bx-controls-direction a {display: block;}.markup-gallery-69e8218adea6c .bx-controls-direction a { display: block !important;}1<\/style>\r\n\r\n\n\t\t<div id='icppreloader-gallery-69e8218adea6c' class='icpsliderpreloader'><\/div><div class='markup-gallery-69e8218adea6c'><div style='display:none;' id='gallery-69e8218adea6c' class='ghozylab-gallery galleryid-1659 gallery-size-full'><div class='carousel-item'><a   href='https:\/\/www.podzemljepece.com\/wp-content\/uploads\/2023\/03\/Slika3-2.png'><img width=\"385\" height=\"85\" src=\"https:\/\/www.podzemljepece.com\/wp-content\/uploads\/2023\/03\/Slika3-2.png\" class=\"attachment-full size-full\" alt=\"\" decoding=\"async\" loading=\"lazy\" srcset=\"https:\/\/www.podzemljepece.com\/wp-content\/uploads\/2023\/03\/Slika3-2.png 385w, https:\/\/www.podzemljepece.com\/wp-content\/uploads\/2023\/03\/Slika3-2-300x66.png 300w\" sizes=\"(max-width: 385px) 100vw, 385px\" \/><\/a><\/div>\r\n\t\t<\/div><\/div>\n","protected":false},"excerpt":{"rendered":"<p>Entwicklung von Petzen als grenz\u00fcberschreitender Erlebnisberg im Sommertourismus Das Hauptziel des Projekts Adventure Petzen\/Peca war die Entwicklung von Petzen als grenz\u00fcberschreitendes Erlebnisgebiet. Sowohl im \u00f6sterreichischen als auch im slowenischen K\u00e4rnten &#8211; Koro\u0161ka zielte das Projekt darauf ab, das touristische Angebot zu erh\u00f6hen, zu verbessern und zu erweitern, ein gemeinsames Marketingkonzept zu erstellen und die gemeinsame [&hellip;]<\/p>\n","protected":false},"author":1,"featured_media":912,"parent":0,"menu_order":20,"comment_status":"closed","ping_status":"closed","template":"","meta":{"_uag_custom_page_level_css":"","footnotes":""},"categories":[26],"tags":[],"uagb_featured_image_src":{"full":["https:\/\/www.podzemljepece.com\/wp-content\/uploads\/2023\/03\/Mezica-Interpretationsweg_URS7377-Urosh-Grabner_URS7372-Urosh-Grabner-min-scaled.jpg",2560,1707,false],"thumbnail":["https:\/\/www.podzemljepece.com\/wp-content\/uploads\/2023\/03\/Mezica-Interpretationsweg_URS7377-Urosh-Grabner_URS7372-Urosh-Grabner-min-150x150.jpg",150,150,true],"medium":["https:\/\/www.podzemljepece.com\/wp-content\/uploads\/2023\/03\/Mezica-Interpretationsweg_URS7377-Urosh-Grabner_URS7372-Urosh-Grabner-min-300x200.jpg",300,200,true],"medium_large":["https:\/\/www.podzemljepece.com\/wp-content\/uploads\/2023\/03\/Mezica-Interpretationsweg_URS7377-Urosh-Grabner_URS7372-Urosh-Grabner-min-768x512.jpg",768,512,true],"large":["https:\/\/www.podzemljepece.com\/wp-content\/uploads\/2023\/03\/Mezica-Interpretationsweg_URS7377-Urosh-Grabner_URS7372-Urosh-Grabner-min-1024x683.jpg",940,627,true],"1536x1536":["https:\/\/www.podzemljepece.com\/wp-content\/uploads\/2023\/03\/Mezica-Interpretationsweg_URS7377-Urosh-Grabner_URS7372-Urosh-Grabner-min-1536x1024.jpg",1536,1024,true],"2048x2048":["https:\/\/www.podzemljepece.com\/wp-content\/uploads\/2023\/03\/Mezica-Interpretationsweg_URS7377-Urosh-Grabner_URS7372-Urosh-Grabner-min-2048x1365.jpg",2048,1365,true],"port3":["https:\/\/www.podzemljepece.com\/wp-content\/uploads\/2023\/03\/Mezica-Interpretationsweg_URS7377-Urosh-Grabner_URS7372-Urosh-Grabner-min-600x600.jpg",600,600,true],"port3_grayscale":["https:\/\/www.podzemljepece.com\/wp-content\/uploads\/2023\/03\/Mezica-Interpretationsweg_URS7377-Urosh-Grabner_URS7372-Urosh-Grabner-min-627x470.jpg",627,470,true],"port2":["https:\/\/www.podzemljepece.com\/wp-content\/uploads\/2023\/03\/Mezica-Interpretationsweg_URS7377-Urosh-Grabner_URS7372-Urosh-Grabner-min-460x275.jpg",460,275,true],"port2_grayscale":["https:\/\/www.podzemljepece.com\/wp-content\/uploads\/2023\/03\/Mezica-Interpretationsweg_URS7377-Urosh-Grabner_URS7372-Urosh-Grabner-min-940x470.jpg",940,470,true],"port4":["https:\/\/www.podzemljepece.com\/wp-content\/uploads\/2023\/03\/Mezica-Interpretationsweg_URS7377-Urosh-Grabner_URS7372-Urosh-Grabner-min-600x600.jpg",600,600,true],"blog":["https:\/\/www.podzemljepece.com\/wp-content\/uploads\/2023\/03\/Mezica-Interpretationsweg_URS7377-Urosh-Grabner_URS7372-Urosh-Grabner-min-825x340.jpg",825,340,true],"alternate_blog":["https:\/\/www.podzemljepece.com\/wp-content\/uploads\/2023\/03\/Mezica-Interpretationsweg_URS7377-Urosh-Grabner_URS7372-Urosh-Grabner-min-440x195.jpg",440,195,true],"alternate_blog_side":["https:\/\/www.podzemljepece.com\/wp-content\/uploads\/2023\/03\/Mezica-Interpretationsweg_URS7377-Urosh-Grabner_URS7372-Urosh-Grabner-min-355x235.jpg",355,235,true],"blog_grid":["https:\/\/www.podzemljepece.com\/wp-content\/uploads\/2023\/03\/Mezica-Interpretationsweg_URS7377-Urosh-Grabner_URS7372-Urosh-Grabner-min-350x350.jpg",350,350,true],"staff":["https:\/\/www.podzemljepece.com\/wp-content\/uploads\/2023\/03\/Mezica-Interpretationsweg_URS7377-Urosh-Grabner_URS7372-Urosh-Grabner-min-400x270.jpg",400,270,true],"staff_full":["https:\/\/www.podzemljepece.com\/wp-content\/uploads\/2023\/03\/Mezica-Interpretationsweg_URS7377-Urosh-Grabner_URS7372-Urosh-Grabner-min-500x340.jpg",500,340,true]},"uagb_author_info":{"display_name":"admn","author_link":"https:\/\/www.podzemljepece.com\/?author=1"},"uagb_comment_info":0,"uagb_excerpt":"Entwicklung von Petzen als grenz\u00fcberschreitender Erlebnisberg im Sommertourismus Das Hauptziel des Projekts Adventure Petzen\/Peca war die Entwicklung von Petzen als grenz\u00fcberschreitendes Erlebnisgebiet. Sowohl im \u00f6sterreichischen als auch im slowenischen K\u00e4rnten &#8211; Koro\u0161ka zielte das Projekt darauf ab, das touristische Angebot zu erh\u00f6hen, zu verbessern und zu erweitern, ein gemeinsames Marketingkonzept zu erstellen und die gemeinsame&hellip;","_links":{"self":[{"href":"https:\/\/www.podzemljepece.com\/index.php?rest_route=\/wp\/v2\/pages\/1659"}],"collection":[{"href":"https:\/\/www.podzemljepece.com\/index.php?rest_route=\/wp\/v2\/pages"}],"about":[{"href":"https:\/\/www.podzemljepece.com\/index.php?rest_route=\/wp\/v2\/types\/page"}],"author":[{"embeddable":true,"href":"https:\/\/www.podzemljepece.com\/index.php?rest_route=\/wp\/v2\/users\/1"}],"replies":[{"embeddable":true,"href":"https:\/\/www.podzemljepece.com\/index.php?rest_route=%2Fwp%2Fv2%2Fcomments&post=1659"}],"version-history":[{"count":1,"href":"https:\/\/www.podzemljepece.com\/index.php?rest_route=\/wp\/v2\/pages\/1659\/revisions"}],"predecessor-version":[{"id":1807,"href":"https:\/\/www.podzemljepece.com\/index.php?rest_route=\/wp\/v2\/pages\/1659\/revisions\/1807"}],"wp:featuredmedia":[{"embeddable":true,"href":"https:\/\/www.podzemljepece.com\/index.php?rest_route=\/wp\/v2\/media\/912"}],"wp:attachment":[{"href":"https:\/\/www.podzemljepece.com\/index.php?rest_route=%2Fwp%2Fv2%2Fmedia&parent=1659"}],"wp:term":[{"taxonomy":"category","embeddable":true,"href":"https:\/\/www.podzemljepece.com\/index.php?rest_route=%2Fwp%2Fv2%2Fcategories&post=1659"},{"taxonomy":"post_tag","embeddable":true,"href":"https:\/\/www.podzemljepece.com\/index.php?rest_route=%2Fwp%2Fv2%2Ftags&post=1659"}],"curies":[{"name":"wp","href":"https:\/\/api.w.org\/{rel}","templated":true}]}}