{"id":2134,"date":"2023-10-12T10:31:58","date_gmt":"2023-10-12T10:31:58","guid":{"rendered":"https:\/\/www.podzemljepece.com\/?page_id=2134"},"modified":"2023-12-05T13:26:11","modified_gmt":"2023-12-05T13:26:11","slug":"greentour","status":"publish","type":"page","link":"https:\/\/www.podzemljepece.com\/?page_id=2134&lang=sl","title":{"rendered":"GreenTour"},"content":{"rendered":"\n<p>Glavni cilj projekta je na osnovi posebnih naravnih in kulturnih vrednot vzpostaviti vzdr\u017eno in odgovorno upravljanje turisti\u010dnega razvoja v Karavankah. To bo dose\u017eeno z bilateralnim povezovanjem ciljno izbrane partnerske strukture, v kateri je UNESCO Globalni Geopark vez med naravnim in kulturnim prostorom. Upravljanje temelji na 3 stebrih, ki se odra\u017eajo v delovnih paketih: zavestna raba in vzdr\u017eevanje infrastruktur za do\u017eivetja v naravi, inovativen razvoj odpornih, zelenih produktov o vsebinah, ki so pomembne za ohranjanje narave in upravljanje tokov obiskovalcev.<\/p>\n\n\n\n<p>Cilj projekta je okrepiti zavest tako pri turisti\u010dnih dele\u017enikih, odgovornih za izvajanje in vzdr\u017eevanje turisti\u010dne infrastrukture (ob\u010dine, turisti\u010dna zdru\u017eenja, ponudniki prosto\u010dasnih aktivnosti, &#8230;) kot tudi &#8220;uporabnikih&#8221; bilateralnega naravnega in kulturnega prostora v njihovem odgovornem delovanju in ravnanju v tem prostoru.<\/p>\n\n\n\n<p>Na ta na\u010din se bo Karavanke UNESCO Globalni Geopark uveljavil, kot trajnostna turisti\u010dna destinacija, ki varstvo narave in kulture uvr\u0161\u010da v sredi\u0161\u010de svojega programa. Ogro\u017eenost ranljivih obmo\u010dij je potrebno spremljati in zmanj\u0161ati na najmanj\u0161o mo\u017eno raven. Hkrati pa naj bi se s pove\u010danim poudarkom na obmo\u010djih in pojavih, vrednih varstva, spodbujalo in kvalitativno krepilo druga atraktivnej\u0161a in sodobnej\u0161a obmo\u010dja naravnih in kulturnih do\u017eivetij.<\/p>\n\n\n\n<p><strong>Vodilni partner:<\/strong><br>EZTS Geopark Karavanke z.o.o.<\/p>\n\n\n\n<p><strong>Projektni partnerji:<\/strong><\/p>\n\n\n\n<ul>\n<li>RRA Koro\u0161ka, regionalna razvojna agencija za Koro\u0161ko d.o.o.<\/li>\n\n\n\n<li>Zavod Republike Slovenije za varstvo narave\/OE Maribor<\/li>\n\n\n\n<li>Podzemlje Pece, podjetje za razvoj turisti\u010dne in muzejske dejavnosti, d.o.o.<\/li>\n\n\n\n<li>KSL Tourismus Marketing GmbH<\/li>\n\n\n\n<li>Tourismusverband Eisenkappel-Vellach<\/li>\n<\/ul>\n\n\n\n<p><strong>Trajanje:<\/strong> 1.9.2023 \u2013 31.8.2026<br><strong>Odobreni prispevek ESRR:<\/strong> 1.426.292,36 \u20ac<\/p>\n\n\n\n<img decoding=\"async\" src=\"http:\/\/www.podzemljepece.com\/wp-content\/uploads\/2023\/10\/PO2-Project-logo-Slovenia-Austria_bilingual_GreenTour_RGB-2.png\">\n","protected":false},"excerpt":{"rendered":"<p>Glavni cilj projekta je na osnovi posebnih naravnih in kulturnih vrednot vzpostaviti vzdr\u017eno in odgovorno upravljanje turisti\u010dnega razvoja v Karavankah. To bo dose\u017eeno z bilateralnim povezovanjem ciljno izbrane partnerske strukture, v kateri je UNESCO Globalni Geopark vez med naravnim in kulturnim prostorom. Upravljanje temelji na 3 stebrih, ki se odra\u017eajo v delovnih paketih: zavestna raba [&hellip;]<\/p>\n","protected":false},"author":1,"featured_media":1653,"parent":0,"menu_order":0,"comment_status":"closed","ping_status":"closed","template":"","meta":{"_uag_custom_page_level_css":"","footnotes":""},"categories":[26],"tags":[],"uagb_featured_image_src":{"full":["https:\/\/www.podzemljepece.com\/wp-content\/uploads\/2023\/03\/Mezica-Interpretationsweg_URS7377-Urosh-Grabner_URS7372-Urosh-Grabner-min-1024x683-1.jpg",1024,683,false],"thumbnail":["https:\/\/www.podzemljepece.com\/wp-content\/uploads\/2023\/03\/Mezica-Interpretationsweg_URS7377-Urosh-Grabner_URS7372-Urosh-Grabner-min-1024x683-1-150x150.jpg",150,150,true],"medium":["https:\/\/www.podzemljepece.com\/wp-content\/uploads\/2023\/03\/Mezica-Interpretationsweg_URS7377-Urosh-Grabner_URS7372-Urosh-Grabner-min-1024x683-1-300x200.jpg",300,200,true],"medium_large":["https:\/\/www.podzemljepece.com\/wp-content\/uploads\/2023\/03\/Mezica-Interpretationsweg_URS7377-Urosh-Grabner_URS7372-Urosh-Grabner-min-1024x683-1-768x512.jpg",768,512,true],"large":["https:\/\/www.podzemljepece.com\/wp-content\/uploads\/2023\/03\/Mezica-Interpretationsweg_URS7377-Urosh-Grabner_URS7372-Urosh-Grabner-min-1024x683-1.jpg",940,627,false],"1536x1536":["https:\/\/www.podzemljepece.com\/wp-content\/uploads\/2023\/03\/Mezica-Interpretationsweg_URS7377-Urosh-Grabner_URS7372-Urosh-Grabner-min-1024x683-1.jpg",1024,683,false],"2048x2048":["https:\/\/www.podzemljepece.com\/wp-content\/uploads\/2023\/03\/Mezica-Interpretationsweg_URS7377-Urosh-Grabner_URS7372-Urosh-Grabner-min-1024x683-1.jpg",1024,683,false],"port3":["https:\/\/www.podzemljepece.com\/wp-content\/uploads\/2023\/03\/Mezica-Interpretationsweg_URS7377-Urosh-Grabner_URS7372-Urosh-Grabner-min-1024x683-1-600x600.jpg",600,600,true],"port3_grayscale":["https:\/\/www.podzemljepece.com\/wp-content\/uploads\/2023\/03\/Mezica-Interpretationsweg_URS7377-Urosh-Grabner_URS7372-Urosh-Grabner-min-1024x683-1-627x470.jpg",627,470,true],"port2":["https:\/\/www.podzemljepece.com\/wp-content\/uploads\/2023\/03\/Mezica-Interpretationsweg_URS7377-Urosh-Grabner_URS7372-Urosh-Grabner-min-1024x683-1-460x275.jpg",460,275,true],"port2_grayscale":["https:\/\/www.podzemljepece.com\/wp-content\/uploads\/2023\/03\/Mezica-Interpretationsweg_URS7377-Urosh-Grabner_URS7372-Urosh-Grabner-min-1024x683-1-940x470.jpg",940,470,true],"port4":["https:\/\/www.podzemljepece.com\/wp-content\/uploads\/2023\/03\/Mezica-Interpretationsweg_URS7377-Urosh-Grabner_URS7372-Urosh-Grabner-min-1024x683-1-600x600.jpg",600,600,true],"blog":["https:\/\/www.podzemljepece.com\/wp-content\/uploads\/2023\/03\/Mezica-Interpretationsweg_URS7377-Urosh-Grabner_URS7372-Urosh-Grabner-min-1024x683-1-825x340.jpg",825,340,true],"alternate_blog":["https:\/\/www.podzemljepece.com\/wp-content\/uploads\/2023\/03\/Mezica-Interpretationsweg_URS7377-Urosh-Grabner_URS7372-Urosh-Grabner-min-1024x683-1-440x195.jpg",440,195,true],"alternate_blog_side":["https:\/\/www.podzemljepece.com\/wp-content\/uploads\/2023\/03\/Mezica-Interpretationsweg_URS7377-Urosh-Grabner_URS7372-Urosh-Grabner-min-1024x683-1-355x235.jpg",355,235,true],"blog_grid":["https:\/\/www.podzemljepece.com\/wp-content\/uploads\/2023\/03\/Mezica-Interpretationsweg_URS7377-Urosh-Grabner_URS7372-Urosh-Grabner-min-1024x683-1-350x350.jpg",350,350,true],"staff":["https:\/\/www.podzemljepece.com\/wp-content\/uploads\/2023\/03\/Mezica-Interpretationsweg_URS7377-Urosh-Grabner_URS7372-Urosh-Grabner-min-1024x683-1-400x270.jpg",400,270,true],"staff_full":["https:\/\/www.podzemljepece.com\/wp-content\/uploads\/2023\/03\/Mezica-Interpretationsweg_URS7377-Urosh-Grabner_URS7372-Urosh-Grabner-min-1024x683-1-500x340.jpg",500,340,true]},"uagb_author_info":{"display_name":"admn","author_link":"https:\/\/www.podzemljepece.com\/?author=1"},"uagb_comment_info":0,"uagb_excerpt":"Glavni cilj projekta je na osnovi posebnih naravnih in kulturnih vrednot vzpostaviti vzdr\u017eno in odgovorno upravljanje turisti\u010dnega razvoja v Karavankah. To bo dose\u017eeno z bilateralnim povezovanjem ciljno izbrane partnerske strukture, v kateri je UNESCO Globalni Geopark vez med naravnim in kulturnim prostorom. Upravljanje temelji na 3 stebrih, ki se odra\u017eajo v delovnih paketih: zavestna raba&hellip;","_links":{"self":[{"href":"https:\/\/www.podzemljepece.com\/index.php?rest_route=\/wp\/v2\/pages\/2134"}],"collection":[{"href":"https:\/\/www.podzemljepece.com\/index.php?rest_route=\/wp\/v2\/pages"}],"about":[{"href":"https:\/\/www.podzemljepece.com\/index.php?rest_route=\/wp\/v2\/types\/page"}],"author":[{"embeddable":true,"href":"https:\/\/www.podzemljepece.com\/index.php?rest_route=\/wp\/v2\/users\/1"}],"replies":[{"embeddable":true,"href":"https:\/\/www.podzemljepece.com\/index.php?rest_route=%2Fwp%2Fv2%2Fcomments&post=2134"}],"version-history":[{"count":2,"href":"https:\/\/www.podzemljepece.com\/index.php?rest_route=\/wp\/v2\/pages\/2134\/revisions"}],"predecessor-version":[{"id":2184,"href":"https:\/\/www.podzemljepece.com\/index.php?rest_route=\/wp\/v2\/pages\/2134\/revisions\/2184"}],"wp:featuredmedia":[{"embeddable":true,"href":"https:\/\/www.podzemljepece.com\/index.php?rest_route=\/wp\/v2\/media\/1653"}],"wp:attachment":[{"href":"https:\/\/www.podzemljepece.com\/index.php?rest_route=%2Fwp%2Fv2%2Fmedia&parent=2134"}],"wp:term":[{"taxonomy":"category","embeddable":true,"href":"https:\/\/www.podzemljepece.com\/index.php?rest_route=%2Fwp%2Fv2%2Fcategories&post=2134"},{"taxonomy":"post_tag","embeddable":true,"href":"https:\/\/www.podzemljepece.com\/index.php?rest_route=%2Fwp%2Fv2%2Ftags&post=2134"}],"curies":[{"name":"wp","href":"https:\/\/api.w.org\/{rel}","templated":true}]}}