{"id":389,"date":"2021-08-27T10:51:32","date_gmt":"2021-08-27T10:51:32","guid":{"rendered":"http:\/\/new.podzemljepece.com\/?page_id=389"},"modified":"2023-12-05T13:21:21","modified_gmt":"2023-12-05T13:21:21","slug":"o-nas","status":"publish","type":"page","link":"https:\/\/www.podzemljepece.com\/?page_id=389&lang=de","title":{"rendered":"\u00dcBER DIE FIRMA"},"content":{"rendered":"\n<p><strong>Die Gesellschaft<\/strong> <strong>Podzemlje Pece, d.o.o.<\/strong> ist Teil der Gruppe TAB d.d.<\/p>\n\n\n\n<p><strong>Titel:<\/strong>&nbsp;Podzemlje Pece, Podjetje za razvoj turisti\u010dne in muzejske dejavnosti, d.o.o.<br><strong>Adresse:&nbsp;<\/strong>Glan\u010dnik 8, 2392 ME\u017dICA<br><strong>Telefon:<\/strong>&nbsp;00 386 (2) 870 01 80<br><strong>Internetseite:<\/strong>&nbsp;www.podzemljepece.com<br><strong>Gr\u00fcnder:<\/strong>&nbsp;Gradbeni materiali d.o.o.,im Besitz der Gesellschaft TAB d.d.<br><strong>Grundkapital:<\/strong>&nbsp;400.395 EUR<\/p>\n\n\n\n<p><strong>Hauptt\u00e4tigkeit des Unternehmens:<\/strong><\/p>\n\n\n\n<p>91.020 T\u00e4tigkeiten von Museen<br>91.030 Schutz des kulturellen Erbes<\/p>\n\n\n\n<p><strong>Verantwortliche Person: <\/strong>Direktorin dr. Darja Komar, uni. dipl. in\u017e. geol.<\/p>\n\n\n\n<p>Das Blei- und Zinkbergwerk Me\u017eica war eines der letzten Blei- und Zinkbergwerke in Europa, das Ende des 20. Jahrhunderts noch in Betrieb waren. In den mehr als dreihundert Jahren seines Betriebs hat es im Laufe der Jahrhunderte vielen Familien den Lebensunterhalt gesichert und das Leben au\u00dferhalb des Bergwerks im Me\u017eatal tiefgreifend beeinflusst. Nach der Schlie\u00dfung des Bergwerks blieb ein reiches technisches, kulturelles und nat\u00fcrliches Erbe erhalten. Mit einer starken lokalen Initiative und dem Wunsch der Arbeiter, dieses Erbe zu bewahren, hat RSC Me\u017eica v zapiranju d.o.o. das Bergbauprojekt &#8220;Sicherung von Teilen des Bergwerks Me\u017eica zum Zweck der Erhaltung des nat\u00fcrlichen, technischen und kulturellen Erbes&#8221; zu den Stilllegungsprojekten eingestuft. Im Rahmen des Projekts wurde ein Bereich innerhalb des Bergwerks identifiziert, der nach der endg\u00fcltigen Schlie\u00dfung des Bergwerks offen bleiben, und f\u00fcr Tourismus, Bildung, Forschung und Studienzwecke, genutzt werden soll.<\/p>\n\n\n\n<p>Das Unternehmen hat es sich zur Aufgabe gemacht, das reiche technische, nat\u00fcrliche und kulturelle Erbe des Bergbaus zu bewahren und bei der Entwicklung anderer Aktivit\u00e4ten darauf aufzubauen: Tourismus, Handwerk und Unternehmertum.<\/p>\n\n\n\n<p>Die Vision des Unternehmens ist es, ein erfolgreiches touristisches Museumsunternehmen zu sein, das den Reichtum einer einmaligen Vergangenheit (historisches Wissen, Ausr\u00fcstung, Geb\u00e4ude) bewahrt und darauf aufbauend innovative touristische Produkte entwickelt.\u2003<\/p>\n\n\n\n<p>Das Besucherbergwerk und Museum ist f\u00fcr die Besucher seit 1997 zug\u00e4nglich, als ein Teil des Komplexes im Bergwerk und ein Teil des Museums in Glan\u010dnik f\u00fcr die \u00d6ffentlichkeit ge\u00f6ffnet wurden. Sp\u00e4ter wurden immer neue Inhalte hinzugef\u00fcgt. Bis Ende 2021 besuchten das Bergwerk rund 380.000 Touristen, davon 48.000 mit dem Fahrrad und 14.000 mit dem Kajak.<\/p>\n\n\n\n<p>Mit einer j\u00e4hrlichen Besucherzahl von bis zu 20.000 sind wir eines der meistbesuchten Ausflugsziele in der Region Koro\u0161ka.<\/p>\n\n\n\n<p>In den f\u00fcnfundzwanzig Jahren seines Bestehens haben wir zahlreiche Verbindungen zu touristischen Bergwerken und Museen in Slowenien, \u00d6sterreich und Italien sowie zwischen professionellen Institutionen, Tourismusanbietern, Bildungseinrichtungen und anderen hergestellt. Wir haben an zahlreichen nationalen und internationalen Projekten teilgenommen. Wir waren der Anreger f\u00fcr die Gr\u00fcndung des grenz\u00fcberschreitenden Geoparks Karavanke\/Karawanken, der seit 2013 Mitglied des EGN und GGN ist. Seit 2015 ist er ein UNESCO Global Geopark.<\/p>\n\n\n\n<p>Im Laufe der Jahre haben wir auch eine Reihe von Auszeichnungen erhalten:<\/p>\n\n\n\n<ul>\n<li>Silberne Anerkennung \u201eSejalec\u201c f\u00fcr das innovative Produkt des Jahres 2004, verliehen vom Slowenischen Fremdenverkehrsamt.<\/li>\n\n\n\n<li>Wir wurden f\u00fcr das Europ\u00e4ische Museum des Jahres 2007 nominiert.<\/li>\n\n\n\n<li>Finalist f\u00fcr die Auszeichnung &#8220;European Destination of Excellence &#8211; EDEN 2011&#8221;.<\/li>\n\n\n\n<li>Goldenes Emblem der Gemeinde Me\u017eica im Jahr 2012,<\/li>\n\n\n\n<li>Finalisten f\u00fcr die Anerkennung \u201eSejalec\u201c im Jahr 2013, f\u00fcr das Produkt Mit dem Kajak durch die Unterwelt Petzens.<\/li>\n\n\n\n<li>Sonderpreis des Wirtschaftsausstellungszentrums f\u00fcr innovative Produkte, 2013.<\/li>\n\n\n\n<li>Finalistenpreis f\u00fcr den BESTEN WANDERWEG, verliehen vom Slowenischen Tourismusverband, 2016.<\/li>\n\n\n\n<li>Titel \u201eSlovenian unique experiences \u2013 5* Erlebnis\u201c f\u00fcr die Kajaktour, verliehen vom Slowenischen Tourismusverband, 2018.<\/li>\n\n\n\n<li>Anerkennung des Zentrums f\u00fcr schulische und au\u00dferschulische Aktivit\u00e4ten anl\u00e4sslich seines 20-j\u00e4hrigen Bestehens f\u00fcr die gute Zusammenarbeit.<\/li>\n\n\n\n<li>2017 wurde die Arbeitsgemeinschaft Geopark Karawanken mit dem Jakobspreis 2017 f\u00fcr ein Projekt zum Thema &#8220;Innovative Tourismusprogramme f\u00fcr einen aktiven Urlaub in der Natur&#8221; ausgezeichnet, darunter auch das Angebot &#8220;Unterwelt Petzens&#8221;.<\/li>\n\n\n\n<li>Titel \u201eSlovenian unique experiences \u2013 5* Erlebnis\u201c f\u00fcr Adrenaline-Mountainbike-Abfahrt auf der Strecke Black Hole Trail, verliehen vom Slowenischen Tourismusverband, 2023.<\/li>\n\n\n\n<li>Finalisten f\u00fcr die Anerkennung \u201eSejalec\u201c im Jahr 2023, f\u00fcr das Produkt Adrenaline-Mountainbike-Abfahrt auf der Strecke Black Hole Trail.<\/li>\n<\/ul>\n\n\n\n<p><\/p>\n\n\n\n<p><\/p>\n","protected":false},"excerpt":{"rendered":"<p>Die Gesellschaft Podzemlje Pece, d.o.o. ist Teil der Gruppe TAB d.d. Titel:&nbsp;Podzemlje Pece, Podjetje za razvoj turisti\u010dne in muzejske dejavnosti, d.o.o.Adresse:&nbsp;Glan\u010dnik 8, 2392 ME\u017dICATelefon:&nbsp;00 386 (2) 870 01 80Internetseite:&nbsp;www.podzemljepece.comGr\u00fcnder:&nbsp;Gradbeni materiali d.o.o.,im Besitz der Gesellschaft TAB d.d.Grundkapital:&nbsp;400.395 EUR Hauptt\u00e4tigkeit des Unternehmens: 91.020 T\u00e4tigkeiten von Museen91.030 Schutz des kulturellen Erbes Verantwortliche Person: Direktorin dr. Darja Komar, uni. [&hellip;]<\/p>\n","protected":false},"author":1,"featured_media":390,"parent":0,"menu_order":0,"comment_status":"closed","ping_status":"closed","template":"","meta":{"_uag_custom_page_level_css":"","footnotes":""},"categories":[],"tags":[],"uagb_featured_image_src":{"full":["https:\/\/www.podzemljepece.com\/wp-content\/uploads\/2021\/07\/Razveseli-me-vid-Podzemlje-Pece-image.png",802,300,false],"thumbnail":["https:\/\/www.podzemljepece.com\/wp-content\/uploads\/2021\/07\/Razveseli-me-vid-Podzemlje-Pece-image-150x150.png",150,150,true],"medium":["https:\/\/www.podzemljepece.com\/wp-content\/uploads\/2021\/07\/Razveseli-me-vid-Podzemlje-Pece-image-300x112.png",300,112,true],"medium_large":["https:\/\/www.podzemljepece.com\/wp-content\/uploads\/2021\/07\/Razveseli-me-vid-Podzemlje-Pece-image-768x287.png",768,287,true],"large":["https:\/\/www.podzemljepece.com\/wp-content\/uploads\/2021\/07\/Razveseli-me-vid-Podzemlje-Pece-image.png",802,300,false],"1536x1536":["https:\/\/www.podzemljepece.com\/wp-content\/uploads\/2021\/07\/Razveseli-me-vid-Podzemlje-Pece-image.png",802,300,false],"2048x2048":["https:\/\/www.podzemljepece.com\/wp-content\/uploads\/2021\/07\/Razveseli-me-vid-Podzemlje-Pece-image.png",802,300,false],"port3":["https:\/\/www.podzemljepece.com\/wp-content\/uploads\/2021\/07\/Razveseli-me-vid-Podzemlje-Pece-image-600x300.png",600,300,true],"port3_grayscale":["https:\/\/www.podzemljepece.com\/wp-content\/uploads\/2021\/07\/Razveseli-me-vid-Podzemlje-Pece-image-627x300.png",627,300,true],"port2":["https:\/\/www.podzemljepece.com\/wp-content\/uploads\/2021\/07\/Razveseli-me-vid-Podzemlje-Pece-image-460x275.png",460,275,true],"port2_grayscale":["https:\/\/www.podzemljepece.com\/wp-content\/uploads\/2021\/07\/Razveseli-me-vid-Podzemlje-Pece-image.png",802,300,false],"port4":["https:\/\/www.podzemljepece.com\/wp-content\/uploads\/2021\/07\/Razveseli-me-vid-Podzemlje-Pece-image-600x300.png",600,300,true],"blog":["https:\/\/www.podzemljepece.com\/wp-content\/uploads\/2021\/07\/Razveseli-me-vid-Podzemlje-Pece-image.png",802,300,false],"alternate_blog":["https:\/\/www.podzemljepece.com\/wp-content\/uploads\/2021\/07\/Razveseli-me-vid-Podzemlje-Pece-image-440x195.png",440,195,true],"alternate_blog_side":["https:\/\/www.podzemljepece.com\/wp-content\/uploads\/2021\/07\/Razveseli-me-vid-Podzemlje-Pece-image-355x235.png",355,235,true],"blog_grid":["https:\/\/www.podzemljepece.com\/wp-content\/uploads\/2021\/07\/Razveseli-me-vid-Podzemlje-Pece-image-350x300.png",350,300,true],"staff":["https:\/\/www.podzemljepece.com\/wp-content\/uploads\/2021\/07\/Razveseli-me-vid-Podzemlje-Pece-image-400x270.png",400,270,true],"staff_full":["https:\/\/www.podzemljepece.com\/wp-content\/uploads\/2021\/07\/Razveseli-me-vid-Podzemlje-Pece-image-500x300.png",500,300,true]},"uagb_author_info":{"display_name":"admn","author_link":"https:\/\/www.podzemljepece.com\/?author=1"},"uagb_comment_info":0,"uagb_excerpt":"Die Gesellschaft Podzemlje Pece, d.o.o. ist Teil der Gruppe TAB d.d. Titel:&nbsp;Podzemlje Pece, Podjetje za razvoj turisti\u010dne in muzejske dejavnosti, d.o.o.Adresse:&nbsp;Glan\u010dnik 8, 2392 ME\u017dICATelefon:&nbsp;00 386 (2) 870 01 80Internetseite:&nbsp;www.podzemljepece.comGr\u00fcnder:&nbsp;Gradbeni materiali d.o.o.,im Besitz der Gesellschaft TAB d.d.Grundkapital:&nbsp;400.395 EUR Hauptt\u00e4tigkeit des Unternehmens: 91.020 T\u00e4tigkeiten von Museen91.030 Schutz des kulturellen Erbes Verantwortliche Person: Direktorin dr. Darja Komar, uni.&hellip;","_links":{"self":[{"href":"https:\/\/www.podzemljepece.com\/index.php?rest_route=\/wp\/v2\/pages\/389"}],"collection":[{"href":"https:\/\/www.podzemljepece.com\/index.php?rest_route=\/wp\/v2\/pages"}],"about":[{"href":"https:\/\/www.podzemljepece.com\/index.php?rest_route=\/wp\/v2\/types\/page"}],"author":[{"embeddable":true,"href":"https:\/\/www.podzemljepece.com\/index.php?rest_route=\/wp\/v2\/users\/1"}],"replies":[{"embeddable":true,"href":"https:\/\/www.podzemljepece.com\/index.php?rest_route=%2Fwp%2Fv2%2Fcomments&post=389"}],"version-history":[{"count":6,"href":"https:\/\/www.podzemljepece.com\/index.php?rest_route=\/wp\/v2\/pages\/389\/revisions"}],"predecessor-version":[{"id":2181,"href":"https:\/\/www.podzemljepece.com\/index.php?rest_route=\/wp\/v2\/pages\/389\/revisions\/2181"}],"wp:featuredmedia":[{"embeddable":true,"href":"https:\/\/www.podzemljepece.com\/index.php?rest_route=\/wp\/v2\/media\/390"}],"wp:attachment":[{"href":"https:\/\/www.podzemljepece.com\/index.php?rest_route=%2Fwp%2Fv2%2Fmedia&parent=389"}],"wp:term":[{"taxonomy":"category","embeddable":true,"href":"https:\/\/www.podzemljepece.com\/index.php?rest_route=%2Fwp%2Fv2%2Fcategories&post=389"},{"taxonomy":"post_tag","embeddable":true,"href":"https:\/\/www.podzemljepece.com\/index.php?rest_route=%2Fwp%2Fv2%2Ftags&post=389"}],"curies":[{"name":"wp","href":"https:\/\/api.w.org\/{rel}","templated":true}]}}