{"id":495,"date":"2023-01-27T11:49:41","date_gmt":"2023-01-27T11:49:41","guid":{"rendered":"http:\/\/new.podzemljepece.com\/?page_id=495"},"modified":"2025-07-09T09:11:39","modified_gmt":"2025-07-09T09:11:39","slug":"karavanke-unesco-globalni-geopark","status":"publish","type":"page","link":"https:\/\/www.podzemljepece.com\/?page_id=495&lang=sl","title":{"rendered":"Karavanke UNESCO Globalni Geopark"},"content":{"rendered":"<p>[vc_row][vc_column][vc_column_text]<\/p>\r\n<h2 class=\"wp-block-heading\"><strong>KARAVANKE\/KARAWANKEN UNESCO GLOBALNI GEOPARK<\/strong><\/h2>\r\n<p>Geoparki so geografsko zaklju\u010dena obmo\u010dja z jasno dolo\u010denimi mejami. Pona\u0161ajo se z izjemno\u00a0 geolo\u0161ko in geomorfolo\u0161ko dedi\u0161\u010dino, ki je posebna na lokalnem in dr\u017eavnem nivoju, pa tudi v evropskem in svetovnem merilu. Poleg izstopajo\u010de geolo\u0161ke dedi\u0161\u010dine so v geoparkih\u00a0 pomembne tudi naravne in zgodovinske posebnosti, arheolo\u0161ka, tehni\u0161ka in ostala kulturna dedi\u0161\u010dina povezana z izjemno geolo\u0161ko zgradbo. Glavni cilji geoparkov so ustrezno varovanje in popularizacija dedi\u0161\u010dine, izobra\u017eevanje, ter trajnostni razvoj obmo\u010dja s pomo\u010djo tako imenovanega geoturizma.<\/p>\r\n<p>KARAVANKE\/KARAWANKEN UNESCO GLOBALNI GEOPARK se razteza na dobrih 1000 kvadratnih kilometrih \u010dezmejnega obmo\u010dja med Slovenijo in Avstrijo, ki ga poseljuje okoli 53.000 prebivalcev. Vanj je vklju\u010denih \u0161tirinajst obmejnih ob\u010din: \u010crna na Koro\u0161kem, Me\u017eica, Prevalje, Ravne na Koro\u0161kem, Dravograd, Bistrica nad Pliberkom (Feistritz ob Bleiburg), Pliberk (Bleiburg), Suha (Neuhaus), Globasnica (Globasnitz), Galicija (Gallizien), \u017ditara vas (Sittersdorf), \u017delezna Kapla (Bad Eisenkappel), Sele (Zell) in Labot (Lavam\u00fcnd). Vse od leta 2013 je \u010dlan Evropske in Globalne mre\u017ee geoparkov, od novembra 2015 pa nosi naziv Karavanke\/Karawanken UNESCO Globalni Geopark.<\/p>\r\n<p>Evropska mre\u017ea geoparkov (EGN), ki je bila ustanovljena leta 2000, trenutno zdru\u017euje 94 UNESCO geoparkov iz 28 razli\u010dnih dr\u017eav, medtem ko leta 2004 ustanovljena Globalna mre\u017ea geoparkov (GGN) 177 UNESCO Globalnih Geoparkov iz 46 dr\u017eav (podatek iz leta 2022). Karavanke\/Karawanken UNESCO Globalni Geopark je eden od le \u0161tirih \u010dezmejnih.<\/p>\r\n<p>KARAVANKE\/KARAWANKEN UNESCO GLOBALNI GEOPARK zaznamuje predvsem rudarstvo in nahajali\u0161\u010da rudnih mineralov, saj so na obmo\u010dju Pece, Me\u017eice in Obirja ve\u010d kot tri stoletja pridobivali svin\u010devo in cinkovo rudo. Na Le\u0161ah pri Prevaljah je do sredine 19. stoletja deloval premogovnik, ki je najve\u010dji v Sloveniji. Rjav mineral turmalin dravit ima v Dobrovi pri Dravogradu svoje klasi\u010dno nahajali\u0161\u010de (<em>locus typicus<\/em>), Me\u017eica pa se pona\u0161a z evropsko najbogatej\u0161im nahajali\u0161\u010dem minerala wulfenita. Za stokovno javnost so iz vidika nastanka rudnih mineralov posebej zanimiva rudna nahajali\u0161\u010da v Topli, Me\u017eici in Obirju. Kljub temu, da kra\u0161ki pojavi niso \u201eparadni konj\u201c Geoparka Karavanke so Obirske jame najlep\u0161e kapni\u0161ke jame v Avstriji, obmo\u010dje med Jezerskim in \u017delezno Kapla (Bad Eisenkappel) pa zaradi \u0161tevilnih izvirov nosi ime \u201eobmo\u010dje tiso\u010derih izvirov\u201c. Nahajali\u0161\u010da fosilov spadajo po pestrosti in bogatosti nahajali\u0161\u010d med zanimivej\u0161e v Evropi. Iz geoparkovih triasnih plasti je bilo opisanih ve\u010d novih vrst fosilov, ki so imenovani po Sloveniji, Peci, \u010crni na Koro\u0161kem in Helenski grapi. Preko obmo\u010dja Karavanke UNESCO globalnega geoparka poteka takoimenovana Periadriatska preloma cona, ki je najpomembnej\u0161i tektonski element celotnega alpskega loka, nastal kot posledica trka in sekundarnih procesov po njem med Jadransko mikroplo\u0161\u010do in Evrazijsko plo\u0161\u010do.<\/p>\r\n<p>Koristne povezave:<\/p>\r\n<p><a href=\"http:\/\/www.geopark.si\" target=\"_blank\" rel=\"noopener\">Geopark Karavanke\/Karawanken<\/a><\/p>\r\n<p><a href=\"https:\/\/www.visitgeoparks.org\/\" target=\"_blank\" rel=\"noopener\">Global Geopark Network I UNESCO Geoparks GGN<\/a><\/p>\r\n<p><a href=\"https:\/\/globalgeoparksnetwork.org\/\" target=\"_blank\" rel=\"noopener\">www.globalgeoparksnetwork.org\/<\/a><\/p>\r\n<p><a href=\"https:\/\/www.europeangeoparks.org\/\" target=\"_blank\" rel=\"noopener\">www.europeangeoparks.org<\/a>[\/vc_column_text][\/vc_column][\/vc_row][vc_row][vc_column][vc_gallery type=&#8221;image_grid&#8221; images=&#8221;989&#8243; img_size=&#8221;full&#8221;][\/vc_column][\/vc_row]<\/p>","protected":false},"excerpt":{"rendered":"<p>[vc_row][vc_column][vc_column_text] KARAVANKE\/KARAWANKEN UNESCO GLOBALNI GEOPARK Geoparki so geografsko zaklju\u010dena obmo\u010dja z jasno dolo\u010denimi mejami. Pona\u0161ajo se z izjemno\u00a0 geolo\u0161ko in geomorfolo\u0161ko dedi\u0161\u010dino, ki je posebna na lokalnem in dr\u017eavnem nivoju, pa tudi v evropskem in svetovnem merilu. Poleg izstopajo\u010de geolo\u0161ke dedi\u0161\u010dine so v geoparkih\u00a0 pomembne tudi naravne in zgodovinske posebnosti, arheolo\u0161ka, tehni\u0161ka in ostala kulturna [&hellip;]<\/p>\n","protected":false},"author":1,"featured_media":0,"parent":0,"menu_order":0,"comment_status":"closed","ping_status":"closed","template":"","meta":{"_uag_custom_page_level_css":"","footnotes":""},"categories":[],"tags":[],"uagb_featured_image_src":{"full":false,"thumbnail":false,"medium":false,"medium_large":false,"large":false,"1536x1536":false,"2048x2048":false,"port3":false,"port3_grayscale":false,"port2":false,"port2_grayscale":false,"port4":false,"blog":false,"alternate_blog":false,"alternate_blog_side":false,"blog_grid":false,"staff":false,"staff_full":false},"uagb_author_info":{"display_name":"admn","author_link":"https:\/\/www.podzemljepece.com\/?author=1"},"uagb_comment_info":0,"uagb_excerpt":"[vc_row][vc_column][vc_column_text] KARAVANKE\/KARAWANKEN UNESCO GLOBALNI GEOPARK Geoparki so geografsko zaklju\u010dena obmo\u010dja z jasno dolo\u010denimi mejami. Pona\u0161ajo se z izjemno\u00a0 geolo\u0161ko in geomorfolo\u0161ko dedi\u0161\u010dino, ki je posebna na lokalnem in dr\u017eavnem nivoju, pa tudi v evropskem in svetovnem merilu. Poleg izstopajo\u010de geolo\u0161ke dedi\u0161\u010dine so v geoparkih\u00a0 pomembne tudi naravne in zgodovinske posebnosti, arheolo\u0161ka, tehni\u0161ka in ostala kulturna&hellip;","_links":{"self":[{"href":"https:\/\/www.podzemljepece.com\/index.php?rest_route=\/wp\/v2\/pages\/495"}],"collection":[{"href":"https:\/\/www.podzemljepece.com\/index.php?rest_route=\/wp\/v2\/pages"}],"about":[{"href":"https:\/\/www.podzemljepece.com\/index.php?rest_route=\/wp\/v2\/types\/page"}],"author":[{"embeddable":true,"href":"https:\/\/www.podzemljepece.com\/index.php?rest_route=\/wp\/v2\/users\/1"}],"replies":[{"embeddable":true,"href":"https:\/\/www.podzemljepece.com\/index.php?rest_route=%2Fwp%2Fv2%2Fcomments&post=495"}],"version-history":[{"count":10,"href":"https:\/\/www.podzemljepece.com\/index.php?rest_route=\/wp\/v2\/pages\/495\/revisions"}],"predecessor-version":[{"id":3056,"href":"https:\/\/www.podzemljepece.com\/index.php?rest_route=\/wp\/v2\/pages\/495\/revisions\/3056"}],"wp:attachment":[{"href":"https:\/\/www.podzemljepece.com\/index.php?rest_route=%2Fwp%2Fv2%2Fmedia&parent=495"}],"wp:term":[{"taxonomy":"category","embeddable":true,"href":"https:\/\/www.podzemljepece.com\/index.php?rest_route=%2Fwp%2Fv2%2Fcategories&post=495"},{"taxonomy":"post_tag","embeddable":true,"href":"https:\/\/www.podzemljepece.com\/index.php?rest_route=%2Fwp%2Fv2%2Ftags&post=495"}],"curies":[{"name":"wp","href":"https:\/\/api.w.org\/{rel}","templated":true}]}}