{"id":499,"date":"2023-01-27T11:55:31","date_gmt":"2023-01-27T11:55:31","guid":{"rendered":"http:\/\/new.podzemljepece.com\/?page_id=499"},"modified":"2023-03-22T12:43:12","modified_gmt":"2023-03-22T12:43:12","slug":"kje-smo","status":"publish","type":"page","link":"https:\/\/www.podzemljepece.com\/?page_id=499&lang=sl","title":{"rendered":"Kje smo"},"content":{"rendered":"\n<div class=\"wp-block-image\"><figure class=\"aligncenter size-large is-resized\"><a href=\"https:\/\/goo.gl\/maps\/TTxuyuC5QJQWnNpdA\" target=\"_blank\" rel=\"noopener\"><img decoding=\"async\" loading=\"lazy\" src=\"http:\/\/new.podzemljepece.com\/wp-content\/uploads\/2023\/03\/map-1024x676.png\" alt=\"\" class=\"wp-image-1003\" width=\"542\" height=\"357\" srcset=\"https:\/\/www.podzemljepece.com\/wp-content\/uploads\/2023\/03\/map-1024x676.png 1024w, https:\/\/www.podzemljepece.com\/wp-content\/uploads\/2023\/03\/map-300x198.png 300w, https:\/\/www.podzemljepece.com\/wp-content\/uploads\/2023\/03\/map-768x507.png 768w, https:\/\/www.podzemljepece.com\/wp-content\/uploads\/2023\/03\/map-1536x1014.png 1536w, https:\/\/www.podzemljepece.com\/wp-content\/uploads\/2023\/03\/map-2048x1352.png 2048w, https:\/\/www.podzemljepece.com\/wp-content\/uploads\/2023\/03\/map-355x235.png 355w\" sizes=\"(max-width: 542px) 100vw, 542px\" \/><\/a><\/figure><\/div>\n\n\n<p><\/p>\n<p>Pri na\u010drtovanju va\u0161e poti vam svetujemo, da v kolikor prihajate iz smeri Ljubljana, izberete pot skozi <strong>Zavodnje<\/strong> in ne \u010dez Bele vode, saj je tam cesta makedamska.<\/p>\n\n\n<div class=\"wp-block-group uag-hide-mob\"><div class=\"wp-block-group__inner-container is-layout-flow wp-block-group-is-layout-flow\"><!-- Carousel Style & Script for  gallery-69e80bece7596 -->\r\n\r\n<script type=\"text\/javascript\">\r\n\/\/ <![CDATA[\r\n\/* START --- Image Carousel --- *\/\r\n\r\njQuery(document).ready(function($) {\r\n\r\n    \r\n    $('.ghozylab-gallery img').each(function(i) {\r\n\r\n        $alt = $(this).attr('alt');\r\n\r\n        \/\/ Replace default title to more fancy :)\r\n        $(this).attr('alt', $alt.replace(\/-|_\/g, ' '));\r\n\r\n        $altnew = $(this).attr('alt').toLowerCase().replace(\/\\b[a-z]\/g, function(letter) {\r\n\r\n            return letter.toUpperCase();\r\n\r\n        });\r\n\r\n        $(this).attr('alt', $altnew);\r\n        \/\/ Compatibility with Zoom Lite Theme Image LazyLoad\r\n        $(this).removeAttr('data-lazy-src');\r\n\r\n    });\r\n\r\n    \r\n    $('#icppreloader-gallery-69e80bece7596').fadeOut(300, function() {\r\n        $('#gallery-69e80bece7596').fadeIn(300);\r\n        var slider69e80bece7596 = $('#gallery-69e80bece7596').bxSlider({\r\n            auto: true,\r\n            pause: 9000,\r\n            autoHover: true,\r\n            moveSlides: 3,\r\n            minSlides: 3,\r\n            maxSlides: 3,\r\n            slideWidth: 500,\r\n            slideMargin: 10,\r\n            startSlide: 0,\r\n            infiniteLoop: true,\r\n            captions: true,\r\n            captionsMode: 'alt',\r\n            adaptiveHeight: true,\r\n            useCSS: false,\r\n            pager: true,\r\n            easing: 'easeOutSine',\r\n            speed: 2500,\r\n            preloadImages: 'all',\r\n            onSlideBefore: function() {\r\n                                $('#gallery-69e80bece7596 .bx-caption').slideUp();\r\n                            },\r\n            onSlideAfter: function($slideElement, oldIndex, newIndex) {\r\n                                slider69e80bece7596.stopAuto();\r\n                slider69e80bece7596.startAuto();\r\n                                $('#gallery-69e80bece7596 .bx-caption').slideDown();\r\n                            }\r\n        });\r\n\r\n    });\r\n});\r\n\r\n\/* END --- Image Carousel --- *\/\r\n\r\n\/\/ ]]>\r\n<\/script>\r\n\r\n<style type=\"text\/css\">\r\n.markup-gallery-69e80bece7596 .carousel-item img {width: 100%;margin: 0 auto;border:none !important;border-radius: 0px !important;box-shadow:none !important;}.markup-gallery-69e80bece7596 .bx-controls-direction a {display: none;}.markup-gallery-69e80bece7596 .bx-wrapper:hover .bx-controls-direction a {display: block;}.markup-gallery-69e80bece7596 .bx-controls-direction a { display: block !important;}1<\/style>\r\n\r\n\n\t\t<div id='icppreloader-gallery-69e80bece7596' class='icpsliderpreloader'><\/div><div class='markup-gallery-69e80bece7596'><div style='display:none;' id='gallery-69e80bece7596' class='ghozylab-gallery galleryid-499 gallery-size-full'><div class='carousel-item'><a   href='https:\/\/www.podzemljepece.com\/wp-content\/uploads\/2023\/03\/DJI_0095-1024x575.jpg'><img width=\"2560\" height=\"1438\" src=\"https:\/\/www.podzemljepece.com\/wp-content\/uploads\/2023\/03\/DJI_0095-scaled.jpg\" class=\"attachment-full size-full\" alt=\"Foto: Miran \u017dlebnik\" decoding=\"async\" loading=\"lazy\" srcset=\"https:\/\/www.podzemljepece.com\/wp-content\/uploads\/2023\/03\/DJI_0095-scaled.jpg 2560w, https:\/\/www.podzemljepece.com\/wp-content\/uploads\/2023\/03\/DJI_0095-300x168.jpg 300w, https:\/\/www.podzemljepece.com\/wp-content\/uploads\/2023\/03\/DJI_0095-1024x575.jpg 1024w, https:\/\/www.podzemljepece.com\/wp-content\/uploads\/2023\/03\/DJI_0095-768x431.jpg 768w, https:\/\/www.podzemljepece.com\/wp-content\/uploads\/2023\/03\/DJI_0095-1536x863.jpg 1536w, https:\/\/www.podzemljepece.com\/wp-content\/uploads\/2023\/03\/DJI_0095-2048x1150.jpg 2048w\" sizes=\"(max-width: 2560px) 100vw, 2560px\" \/><\/a><\/div><div class='carousel-item'><a   href='https:\/\/www.podzemljepece.com\/wp-content\/uploads\/2023\/03\/DJI_0063-min-1024x575.jpg'><img width=\"2560\" height=\"1438\" src=\"https:\/\/www.podzemljepece.com\/wp-content\/uploads\/2023\/03\/DJI_0063-min-scaled.jpg\" class=\"attachment-full size-full\" alt=\"Foto: Miran \u017dlebnik\" decoding=\"async\" loading=\"lazy\" srcset=\"https:\/\/www.podzemljepece.com\/wp-content\/uploads\/2023\/03\/DJI_0063-min-scaled.jpg 2560w, https:\/\/www.podzemljepece.com\/wp-content\/uploads\/2023\/03\/DJI_0063-min-300x168.jpg 300w, https:\/\/www.podzemljepece.com\/wp-content\/uploads\/2023\/03\/DJI_0063-min-1024x575.jpg 1024w, https:\/\/www.podzemljepece.com\/wp-content\/uploads\/2023\/03\/DJI_0063-min-768x431.jpg 768w, https:\/\/www.podzemljepece.com\/wp-content\/uploads\/2023\/03\/DJI_0063-min-1536x863.jpg 1536w, https:\/\/www.podzemljepece.com\/wp-content\/uploads\/2023\/03\/DJI_0063-min-2048x1150.jpg 2048w\" sizes=\"(max-width: 2560px) 100vw, 2560px\" \/><\/a><\/div><div class='carousel-item'><a   href='https:\/\/www.podzemljepece.com\/wp-content\/uploads\/2023\/03\/DJI_0060-min-1024x575.jpg'><img width=\"2560\" height=\"1438\" src=\"https:\/\/www.podzemljepece.com\/wp-content\/uploads\/2023\/03\/DJI_0060-min-scaled.jpg\" class=\"attachment-full size-full\" alt=\"Foto: Miran \u017dlebnik\" decoding=\"async\" loading=\"lazy\" srcset=\"https:\/\/www.podzemljepece.com\/wp-content\/uploads\/2023\/03\/DJI_0060-min-scaled.jpg 2560w, https:\/\/www.podzemljepece.com\/wp-content\/uploads\/2023\/03\/DJI_0060-min-300x168.jpg 300w, https:\/\/www.podzemljepece.com\/wp-content\/uploads\/2023\/03\/DJI_0060-min-1024x575.jpg 1024w, https:\/\/www.podzemljepece.com\/wp-content\/uploads\/2023\/03\/DJI_0060-min-768x431.jpg 768w, https:\/\/www.podzemljepece.com\/wp-content\/uploads\/2023\/03\/DJI_0060-min-1536x863.jpg 1536w, https:\/\/www.podzemljepece.com\/wp-content\/uploads\/2023\/03\/DJI_0060-min-2048x1150.jpg 2048w\" sizes=\"(max-width: 2560px) 100vw, 2560px\" \/><\/a><\/div><div class='carousel-item'><a   href='https:\/\/www.podzemljepece.com\/wp-content\/uploads\/2023\/03\/20210127_132300-1024x768.jpg'><img width=\"2560\" height=\"1920\" src=\"https:\/\/www.podzemljepece.com\/wp-content\/uploads\/2023\/03\/20210127_132300-scaled.jpg\" class=\"attachment-full size-full\" alt=\"Foto: Miran \u017dlebnik\" decoding=\"async\" loading=\"lazy\" srcset=\"https:\/\/www.podzemljepece.com\/wp-content\/uploads\/2023\/03\/20210127_132300-scaled.jpg 2560w, https:\/\/www.podzemljepece.com\/wp-content\/uploads\/2023\/03\/20210127_132300-300x225.jpg 300w, https:\/\/www.podzemljepece.com\/wp-content\/uploads\/2023\/03\/20210127_132300-1024x768.jpg 1024w, https:\/\/www.podzemljepece.com\/wp-content\/uploads\/2023\/03\/20210127_132300-768x576.jpg 768w, https:\/\/www.podzemljepece.com\/wp-content\/uploads\/2023\/03\/20210127_132300-1536x1152.jpg 1536w, https:\/\/www.podzemljepece.com\/wp-content\/uploads\/2023\/03\/20210127_132300-2048x1536.jpg 2048w, https:\/\/www.podzemljepece.com\/wp-content\/uploads\/2023\/03\/20210127_132300-627x470.jpg 627w\" sizes=\"(max-width: 2560px) 100vw, 2560px\" \/><\/a><\/div><div class='carousel-item'><a   href='https:\/\/www.podzemljepece.com\/wp-content\/uploads\/2023\/03\/20220612_112416-1024x461.jpg'><img width=\"2560\" height=\"1153\" src=\"https:\/\/www.podzemljepece.com\/wp-content\/uploads\/2023\/03\/20220612_112416-scaled.jpg\" class=\"attachment-full size-full\" alt=\"Foto: Miran \u017dlebnik\" decoding=\"async\" loading=\"lazy\" srcset=\"https:\/\/www.podzemljepece.com\/wp-content\/uploads\/2023\/03\/20220612_112416-scaled.jpg 2560w, https:\/\/www.podzemljepece.com\/wp-content\/uploads\/2023\/03\/20220612_112416-300x135.jpg 300w, https:\/\/www.podzemljepece.com\/wp-content\/uploads\/2023\/03\/20220612_112416-1024x461.jpg 1024w, https:\/\/www.podzemljepece.com\/wp-content\/uploads\/2023\/03\/20220612_112416-768x346.jpg 768w, https:\/\/www.podzemljepece.com\/wp-content\/uploads\/2023\/03\/20220612_112416-1536x692.jpg 1536w, https:\/\/www.podzemljepece.com\/wp-content\/uploads\/2023\/03\/20220612_112416-2048x922.jpg 2048w\" sizes=\"(max-width: 2560px) 100vw, 2560px\" \/><\/a><\/div><div class='carousel-item'><a   href='https:\/\/www.podzemljepece.com\/wp-content\/uploads\/2023\/03\/DSC_6414-min-1024x683.jpg'><img width=\"2560\" height=\"1707\" src=\"https:\/\/www.podzemljepece.com\/wp-content\/uploads\/2023\/03\/DSC_6414-min-scaled.jpg\" class=\"attachment-full size-full\" alt=\"Foto: Miran \u017dlebnik\" decoding=\"async\" loading=\"lazy\" srcset=\"https:\/\/www.podzemljepece.com\/wp-content\/uploads\/2023\/03\/DSC_6414-min-scaled.jpg 2560w, https:\/\/www.podzemljepece.com\/wp-content\/uploads\/2023\/03\/DSC_6414-min-300x200.jpg 300w, https:\/\/www.podzemljepece.com\/wp-content\/uploads\/2023\/03\/DSC_6414-min-1024x683.jpg 1024w, https:\/\/www.podzemljepece.com\/wp-content\/uploads\/2023\/03\/DSC_6414-min-768x512.jpg 768w, https:\/\/www.podzemljepece.com\/wp-content\/uploads\/2023\/03\/DSC_6414-min-1536x1024.jpg 1536w, https:\/\/www.podzemljepece.com\/wp-content\/uploads\/2023\/03\/DSC_6414-min-2048x1365.jpg 2048w\" sizes=\"(max-width: 2560px) 100vw, 2560px\" \/><\/a><\/div>\r\n\t\t<\/div><\/div>\n<\/div><\/div>\n\n\n\n<div class=\"wp-block-group uag-hide-desktop uag-hide-tab\"><div class=\"wp-block-group__inner-container is-layout-flow wp-block-group-is-layout-flow\"><!-- Carousel Style & Script for  gallery-69e80beced829 -->\r\n\r\n<script type=\"text\/javascript\">\r\n\/\/ <![CDATA[\r\n\/* START --- Image Carousel --- *\/\r\n\r\njQuery(document).ready(function($) {\r\n\r\n    \r\n    $('.ghozylab-gallery img').each(function(i) {\r\n\r\n        $alt = $(this).attr('alt');\r\n\r\n        \/\/ Replace default title to more fancy :)\r\n        $(this).attr('alt', $alt.replace(\/-|_\/g, ' '));\r\n\r\n        $altnew = $(this).attr('alt').toLowerCase().replace(\/\\b[a-z]\/g, function(letter) {\r\n\r\n            return letter.toUpperCase();\r\n\r\n        });\r\n\r\n        $(this).attr('alt', $altnew);\r\n        \/\/ Compatibility with Zoom Lite Theme Image LazyLoad\r\n        $(this).removeAttr('data-lazy-src');\r\n\r\n    });\r\n\r\n    \r\n    $('#icppreloader-gallery-69e80beced829').fadeOut(300, function() {\r\n        $('#gallery-69e80beced829').fadeIn(300);\r\n        var slider69e80beced829 = $('#gallery-69e80beced829').bxSlider({\r\n            auto: true,\r\n            pause: 9000,\r\n            autoHover: true,\r\n            moveSlides: 1,\r\n            minSlides: 1,\r\n            maxSlides: 1,\r\n            slideWidth: 500,\r\n            slideMargin: 10,\r\n            startSlide: 0,\r\n            infiniteLoop: true,\r\n            captions: true,\r\n            captionsMode: 'alt',\r\n            adaptiveHeight: true,\r\n            useCSS: false,\r\n            pager: true,\r\n            easing: 'easeOutSine',\r\n            speed: 2500,\r\n            preloadImages: 'all',\r\n            onSlideBefore: function() {\r\n                                $('#gallery-69e80beced829 .bx-caption').slideUp();\r\n                            },\r\n            onSlideAfter: function($slideElement, oldIndex, newIndex) {\r\n                                slider69e80beced829.stopAuto();\r\n                slider69e80beced829.startAuto();\r\n                                $('#gallery-69e80beced829 .bx-caption').slideDown();\r\n                            }\r\n        });\r\n\r\n    });\r\n});\r\n\r\n\/* END --- Image Carousel --- *\/\r\n\r\n\/\/ ]]>\r\n<\/script>\r\n\r\n<style type=\"text\/css\">\r\n.markup-gallery-69e80beced829 .carousel-item img {width: 100%;margin: 0 auto;border:none !important;border-radius: 0px !important;box-shadow:none !important;}.markup-gallery-69e80beced829 .bx-controls-direction a {display: none;}.markup-gallery-69e80beced829 .bx-wrapper:hover .bx-controls-direction a {display: block;}.markup-gallery-69e80beced829 .bx-controls-direction a { display: block !important;}1<\/style>\r\n\r\n\n\t\t<div id='icppreloader-gallery-69e80beced829' class='icpsliderpreloader'><\/div><div class='markup-gallery-69e80beced829'><div style='display:none;' id='gallery-69e80beced829' class='ghozylab-gallery galleryid-499 gallery-size-full'><div class='carousel-item'><a   href='https:\/\/www.podzemljepece.com\/wp-content\/uploads\/2023\/03\/DJI_0095-1024x575.jpg'><img width=\"2560\" height=\"1438\" src=\"https:\/\/www.podzemljepece.com\/wp-content\/uploads\/2023\/03\/DJI_0095-scaled.jpg\" class=\"attachment-full size-full\" alt=\"Foto: Miran \u017dlebnik\" decoding=\"async\" loading=\"lazy\" srcset=\"https:\/\/www.podzemljepece.com\/wp-content\/uploads\/2023\/03\/DJI_0095-scaled.jpg 2560w, https:\/\/www.podzemljepece.com\/wp-content\/uploads\/2023\/03\/DJI_0095-300x168.jpg 300w, https:\/\/www.podzemljepece.com\/wp-content\/uploads\/2023\/03\/DJI_0095-1024x575.jpg 1024w, https:\/\/www.podzemljepece.com\/wp-content\/uploads\/2023\/03\/DJI_0095-768x431.jpg 768w, https:\/\/www.podzemljepece.com\/wp-content\/uploads\/2023\/03\/DJI_0095-1536x863.jpg 1536w, https:\/\/www.podzemljepece.com\/wp-content\/uploads\/2023\/03\/DJI_0095-2048x1150.jpg 2048w\" sizes=\"(max-width: 2560px) 100vw, 2560px\" \/><\/a><\/div><div class='carousel-item'><a   href='https:\/\/www.podzemljepece.com\/wp-content\/uploads\/2023\/03\/DJI_0063-min-1024x575.jpg'><img width=\"2560\" height=\"1438\" src=\"https:\/\/www.podzemljepece.com\/wp-content\/uploads\/2023\/03\/DJI_0063-min-scaled.jpg\" class=\"attachment-full size-full\" alt=\"Foto: Miran \u017dlebnik\" decoding=\"async\" loading=\"lazy\" srcset=\"https:\/\/www.podzemljepece.com\/wp-content\/uploads\/2023\/03\/DJI_0063-min-scaled.jpg 2560w, https:\/\/www.podzemljepece.com\/wp-content\/uploads\/2023\/03\/DJI_0063-min-300x168.jpg 300w, https:\/\/www.podzemljepece.com\/wp-content\/uploads\/2023\/03\/DJI_0063-min-1024x575.jpg 1024w, https:\/\/www.podzemljepece.com\/wp-content\/uploads\/2023\/03\/DJI_0063-min-768x431.jpg 768w, https:\/\/www.podzemljepece.com\/wp-content\/uploads\/2023\/03\/DJI_0063-min-1536x863.jpg 1536w, https:\/\/www.podzemljepece.com\/wp-content\/uploads\/2023\/03\/DJI_0063-min-2048x1150.jpg 2048w\" sizes=\"(max-width: 2560px) 100vw, 2560px\" \/><\/a><\/div><div class='carousel-item'><a   href='https:\/\/www.podzemljepece.com\/wp-content\/uploads\/2023\/03\/DJI_0060-min-1024x575.jpg'><img width=\"2560\" height=\"1438\" src=\"https:\/\/www.podzemljepece.com\/wp-content\/uploads\/2023\/03\/DJI_0060-min-scaled.jpg\" class=\"attachment-full size-full\" alt=\"Foto: Miran \u017dlebnik\" decoding=\"async\" loading=\"lazy\" srcset=\"https:\/\/www.podzemljepece.com\/wp-content\/uploads\/2023\/03\/DJI_0060-min-scaled.jpg 2560w, https:\/\/www.podzemljepece.com\/wp-content\/uploads\/2023\/03\/DJI_0060-min-300x168.jpg 300w, https:\/\/www.podzemljepece.com\/wp-content\/uploads\/2023\/03\/DJI_0060-min-1024x575.jpg 1024w, https:\/\/www.podzemljepece.com\/wp-content\/uploads\/2023\/03\/DJI_0060-min-768x431.jpg 768w, https:\/\/www.podzemljepece.com\/wp-content\/uploads\/2023\/03\/DJI_0060-min-1536x863.jpg 1536w, https:\/\/www.podzemljepece.com\/wp-content\/uploads\/2023\/03\/DJI_0060-min-2048x1150.jpg 2048w\" sizes=\"(max-width: 2560px) 100vw, 2560px\" \/><\/a><\/div><div class='carousel-item'><a   href='https:\/\/www.podzemljepece.com\/wp-content\/uploads\/2023\/03\/20210127_132300-1024x768.jpg'><img width=\"2560\" height=\"1920\" src=\"https:\/\/www.podzemljepece.com\/wp-content\/uploads\/2023\/03\/20210127_132300-scaled.jpg\" class=\"attachment-full size-full\" alt=\"Foto: Miran \u017dlebnik\" decoding=\"async\" loading=\"lazy\" srcset=\"https:\/\/www.podzemljepece.com\/wp-content\/uploads\/2023\/03\/20210127_132300-scaled.jpg 2560w, https:\/\/www.podzemljepece.com\/wp-content\/uploads\/2023\/03\/20210127_132300-300x225.jpg 300w, https:\/\/www.podzemljepece.com\/wp-content\/uploads\/2023\/03\/20210127_132300-1024x768.jpg 1024w, https:\/\/www.podzemljepece.com\/wp-content\/uploads\/2023\/03\/20210127_132300-768x576.jpg 768w, https:\/\/www.podzemljepece.com\/wp-content\/uploads\/2023\/03\/20210127_132300-1536x1152.jpg 1536w, https:\/\/www.podzemljepece.com\/wp-content\/uploads\/2023\/03\/20210127_132300-2048x1536.jpg 2048w, https:\/\/www.podzemljepece.com\/wp-content\/uploads\/2023\/03\/20210127_132300-627x470.jpg 627w\" sizes=\"(max-width: 2560px) 100vw, 2560px\" \/><\/a><\/div><div class='carousel-item'><a   href='https:\/\/www.podzemljepece.com\/wp-content\/uploads\/2023\/03\/20220612_112416-1024x461.jpg'><img width=\"2560\" height=\"1153\" src=\"https:\/\/www.podzemljepece.com\/wp-content\/uploads\/2023\/03\/20220612_112416-scaled.jpg\" class=\"attachment-full size-full\" alt=\"Foto: Miran \u017dlebnik\" decoding=\"async\" loading=\"lazy\" srcset=\"https:\/\/www.podzemljepece.com\/wp-content\/uploads\/2023\/03\/20220612_112416-scaled.jpg 2560w, https:\/\/www.podzemljepece.com\/wp-content\/uploads\/2023\/03\/20220612_112416-300x135.jpg 300w, https:\/\/www.podzemljepece.com\/wp-content\/uploads\/2023\/03\/20220612_112416-1024x461.jpg 1024w, https:\/\/www.podzemljepece.com\/wp-content\/uploads\/2023\/03\/20220612_112416-768x346.jpg 768w, https:\/\/www.podzemljepece.com\/wp-content\/uploads\/2023\/03\/20220612_112416-1536x692.jpg 1536w, https:\/\/www.podzemljepece.com\/wp-content\/uploads\/2023\/03\/20220612_112416-2048x922.jpg 2048w\" sizes=\"(max-width: 2560px) 100vw, 2560px\" \/><\/a><\/div><div class='carousel-item'><a   href='https:\/\/www.podzemljepece.com\/wp-content\/uploads\/2023\/03\/DSC_6414-min-1024x683.jpg'><img width=\"2560\" height=\"1707\" src=\"https:\/\/www.podzemljepece.com\/wp-content\/uploads\/2023\/03\/DSC_6414-min-scaled.jpg\" class=\"attachment-full size-full\" alt=\"Foto: Miran \u017dlebnik\" decoding=\"async\" loading=\"lazy\" srcset=\"https:\/\/www.podzemljepece.com\/wp-content\/uploads\/2023\/03\/DSC_6414-min-scaled.jpg 2560w, https:\/\/www.podzemljepece.com\/wp-content\/uploads\/2023\/03\/DSC_6414-min-300x200.jpg 300w, https:\/\/www.podzemljepece.com\/wp-content\/uploads\/2023\/03\/DSC_6414-min-1024x683.jpg 1024w, https:\/\/www.podzemljepece.com\/wp-content\/uploads\/2023\/03\/DSC_6414-min-768x512.jpg 768w, https:\/\/www.podzemljepece.com\/wp-content\/uploads\/2023\/03\/DSC_6414-min-1536x1024.jpg 1536w, https:\/\/www.podzemljepece.com\/wp-content\/uploads\/2023\/03\/DSC_6414-min-2048x1365.jpg 2048w\" sizes=\"(max-width: 2560px) 100vw, 2560px\" \/><\/a><\/div>\r\n\t\t<\/div><\/div>\n<\/div><\/div>\n\n\n\n<p><\/p>\n\n\n\n<h2 class=\"wp-block-heading\"><strong>ME\u017dICA<\/strong><\/h2>\n\n\n\n<p>Me\u017eica je &nbsp;imensko, alpsko in rudarsko turisti\u010dno sredi\u0161\u010de Me\u017ei\u0161ke doline. Ob\u010dina Me\u017eica le\u017ei v razgibani kotlini ob soto\u010dju reke Me\u017ee in potoka \u0160umca na nadmorski vi\u0161ini 491 m. Zaradi svoje lege ima Me\u017eica zna\u010dilnosti prijetnega alpskega sredi\u0161\u010da, ki ga obdajajo \u0161tevilni vrhovi. Tukaj se kon\u010duje gorska veriga Karavank in pokrajina po\u010dasi prehaja v ni\u017eji svet pohorskega Podravja.<\/p>\n\n\n\n<p>Me\u017eica je bila v preteklosti poznana kot rudarsko sredi\u0161\u010de. Rudnik svinca in cinka Me\u017eica je eden najstarej\u0161ih rudnikov v Evropi, saj naj bi rudna bogastva pod Peco izkori\u0161\u010dali \u017ee v poznem srednjem veku, prvi uradni pisni viri pa segajo v leto 1665.<\/p>\n\n\n\n<p>Dolga leta rudarjenja so svojevrstno zaznamovala \u017eivljenje ljudi in pokrajino. Danes v mestu in njegovi okolici najdemo \u0161tevilne pomnike, ki opozarjajo na razgibano rudarsko preteklost. Da bi se ohranila bogata rudarska dedi\u0161\u010dina, so za turisti\u010dne oglede urejeni nekateri najpomembnej\u0161i deli rudnika.<\/p>\n\n\n\n<p>Me\u017eica je zaradi svoje geografske lege pomembno izhodi\u0161\u010de za ljubitelje planinarjenja in gorskega kolesarjenja. Me\u017eica je ena izmed izhodi\u0161\u010dnih to\u010dk za planinske izlete na mogo\u010dno goro Peco, ki se v vsej svoji lepoti dviga nad krajem in je \u017ee stoletja odeta v tan\u010dice skrivnostne legende o Kralju Matja\u017eu.<\/p>\n\n\n\n<p>Nad Me\u017eico so zanimiva cerkev sv. Lenarta s \u010dudodelno verigo, Podkraj z zna\u010dilnimi ka\u0161\u010dami in Lom s prelepimi razgledi na sosednjo Podjuno. V kraju so na ogled \u010debelarska zbirka in ve\u010d zanimivih interpretacijskih to\u010dk, ki jih povezuje geolo\u0161ka pohodna u\u010dna pot. Glavna turisti\u010dna zanimivost Me\u017eice je Podzemlje Pece, turisti\u010dni rudnik in muzej.<\/p>\n\n\n\n<p>(Avtor fotografij Miran \u017dlebnik)<\/p>\n\n\n\n<p><a rel=\"noreferrer noopener\" href=\"https:\/\/mezica.si\/objave\/91\" target=\"_blank\">www.mezica.si<\/a><\/p>\n","protected":false},"excerpt":{"rendered":"<p>Pri na\u010drtovanju va\u0161e poti vam svetujemo, da v kolikor prihajate iz smeri Ljubljana, izberete pot skozi Zavodnje in ne \u010dez Bele vode, saj je tam cesta makedamska. ME\u017dICA Me\u017eica je &nbsp;imensko, alpsko in rudarsko turisti\u010dno sredi\u0161\u010de Me\u017ei\u0161ke doline. Ob\u010dina Me\u017eica le\u017ei v razgibani kotlini ob soto\u010dju reke Me\u017ee in potoka \u0160umca na nadmorski vi\u0161ini 491 [&hellip;]<\/p>\n","protected":false},"author":1,"featured_media":0,"parent":0,"menu_order":0,"comment_status":"closed","ping_status":"closed","template":"","meta":{"_uag_custom_page_level_css":"","footnotes":""},"categories":[],"tags":[],"uagb_featured_image_src":{"full":false,"thumbnail":false,"medium":false,"medium_large":false,"large":false,"1536x1536":false,"2048x2048":false,"port3":false,"port3_grayscale":false,"port2":false,"port2_grayscale":false,"port4":false,"blog":false,"alternate_blog":false,"alternate_blog_side":false,"blog_grid":false,"staff":false,"staff_full":false},"uagb_author_info":{"display_name":"admn","author_link":"https:\/\/www.podzemljepece.com\/?author=1"},"uagb_comment_info":0,"uagb_excerpt":"Pri na\u010drtovanju va\u0161e poti vam svetujemo, da v kolikor prihajate iz smeri Ljubljana, izberete pot skozi Zavodnje in ne \u010dez Bele vode, saj je tam cesta makedamska. ME\u017dICA Me\u017eica je &nbsp;imensko, alpsko in rudarsko turisti\u010dno sredi\u0161\u010de Me\u017ei\u0161ke doline. Ob\u010dina Me\u017eica le\u017ei v razgibani kotlini ob soto\u010dju reke Me\u017ee in potoka \u0160umca na nadmorski vi\u0161ini 491&hellip;","_links":{"self":[{"href":"https:\/\/www.podzemljepece.com\/index.php?rest_route=\/wp\/v2\/pages\/499"}],"collection":[{"href":"https:\/\/www.podzemljepece.com\/index.php?rest_route=\/wp\/v2\/pages"}],"about":[{"href":"https:\/\/www.podzemljepece.com\/index.php?rest_route=\/wp\/v2\/types\/page"}],"author":[{"embeddable":true,"href":"https:\/\/www.podzemljepece.com\/index.php?rest_route=\/wp\/v2\/users\/1"}],"replies":[{"embeddable":true,"href":"https:\/\/www.podzemljepece.com\/index.php?rest_route=%2Fwp%2Fv2%2Fcomments&post=499"}],"version-history":[{"count":30,"href":"https:\/\/www.podzemljepece.com\/index.php?rest_route=\/wp\/v2\/pages\/499\/revisions"}],"predecessor-version":[{"id":1632,"href":"https:\/\/www.podzemljepece.com\/index.php?rest_route=\/wp\/v2\/pages\/499\/revisions\/1632"}],"wp:attachment":[{"href":"https:\/\/www.podzemljepece.com\/index.php?rest_route=%2Fwp%2Fv2%2Fmedia&parent=499"}],"wp:term":[{"taxonomy":"category","embeddable":true,"href":"https:\/\/www.podzemljepece.com\/index.php?rest_route=%2Fwp%2Fv2%2Fcategories&post=499"},{"taxonomy":"post_tag","embeddable":true,"href":"https:\/\/www.podzemljepece.com\/index.php?rest_route=%2Fwp%2Fv2%2Ftags&post=499"}],"curies":[{"name":"wp","href":"https:\/\/api.w.org\/{rel}","templated":true}]}}